  {"version":"1.0","provider_name":"Βι¶ΉΤ­΄΄ News Center Latinoam\u00e9rica","provider_url":"https:\/\/news.sap.com\/latinamerica","author_name":"Ana N\u00fa\u00f1ez","author_url":"https:\/\/news.sap.com\/latinamerica\/author\/ananunez\/","title":"La importancia del retail sustentable","type":"rich","width":600,"height":338,"html":"<blockquote class=\"wp-embedded-content\" data-secret=\"qNRjTfrVko\"><a href=\"https:\/\/news.sap.com\/latinamerica\/2021\/09\/la-importancia-del-retail-sustentable\/\">La importancia del retail sustentable<\/a><\/blockquote><iframe sandbox=\"allow-scripts\" security=\"restricted\" src=\"https:\/\/news.sap.com\/latinamerica\/2021\/09\/la-importancia-del-retail-sustentable\/embed\/#?secret=qNRjTfrVko\" width=\"600\" height=\"338\" title=\"&#8220;La importancia del retail sustentable&#8221; &#8212; Βι¶ΉΤ­΄΄ News Center Latinoam\u00e9rica\" data-secret=\"qNRjTfrVko\" frameborder=\"0\" marginwidth=\"0\" marginheight=\"0\" scrolling=\"no\" class=\"wp-embedded-content\"><\/iframe><script type=\"text\/javascript\">\n\/* <![CDATA[ *\/\n\/*! This file is auto-generated *\/\n!function(d,l){\"use strict\";l.querySelector&&d.addEventListener&&\"undefined\"!=typeof URL&&(d.wp=d.wp||{},d.wp.receiveEmbedMessage||(d.wp.receiveEmbedMessage=function(e){var t=e.data;if((t||t.secret||t.message||t.value)&&!\/[^a-zA-Z0-9]\/.test(t.secret)){for(var s,r,n,a=l.querySelectorAll('iframe[data-secret=\"'+t.secret+'\"]'),o=l.querySelectorAll('blockquote[data-secret=\"'+t.secret+'\"]'),c=new RegExp(\"^https?:$\",\"i\"),i=0;i<o.length;i++)o[i].style.display=\"none\";for(i=0;i<a.length;i++)s=a[i],e.source===s.contentWindow&&(s.removeAttribute(\"style\"),\"height\"===t.message?(1e3<(r=parseInt(t.value,10))?r=1e3:~~r<200&&(r=200),s.height=r):\"link\"===t.message&&(r=new URL(s.getAttribute(\"src\")),n=new URL(t.value),c.test(n.protocol))&&n.host===r.host&&l.activeElement===s&&(d.top.location.href=t.value))}},d.addEventListener(\"message\",d.wp.receiveEmbedMessage,!1),l.addEventListener(\"DOMContentLoaded\",function(){for(var e,t,s=l.querySelectorAll(\"iframe.wp-embedded-content\"),r=0;r<s.length;r++)(t=(e=s[r]).getAttribute(\"data-secret\"))||(t=Math.random().toString(36).substring(2,12),e.src+=\"#?secret=\"+t,e.setAttribute(\"data-secret\",t)),e.contentWindow.postMessage({message:\"ready\",secret:t},\"*\")},!1)))}(window,document);\n\/\/# sourceURL=https:\/\/news.sap.com\/latinamerica\/wp-includes\/js\/wp-embed.min.js\n\/* ]]> *\/\n<\/script>\n","thumbnail_url":"https:\/\/news.sap.com\/latinamerica\/files\/2021\/09\/27\/285230_iStock-534305950-1024x683.jpg","thumbnail_width":1024,"thumbnail_height":683,"description":"La sociedad estuvo inmersa durante 2020 y buena parte de 2021 en navegar dos olas: por un lado, la crisis sanitaria consecuencia del COVID-19, incluyendo el progreso de los planes de vacunaci\u00f3n; por el otro, los efectos econ\u00f3micos que produjo la pandemia. Sin embargo, por detr\u00e1s asoma una ola a\u00fan m\u00e1s profunda, con el potencial de generar un impacto definitivo en los negocios en particular y en el futuro del planeta en general: el cambio clim\u00e1tico."}

Βι¶ΉΤ­΄΄ News Center Latinoamérica

Ana Núñez

<blockquote class="wp-embedded-content" data-secret="qNRjTfrVko"><a href="https://news.sap.com/latinamerica/2021/09/la-importancia-del-retail-sustentable/">La importancia del retail sustentable</a></blockquote><iframe sandbox="allow-scripts" security="restricted" src="https://news.sap.com/latinamerica/2021/09/la-importancia-del-retail-sustentable/embed/#?secret=qNRjTfrVko" width="600" height="338" title="&#8220;La importancia del retail sustentable&#8221; &#8212; Βι¶ΉΤ­΄΄ News Center Latinoamérica" data-secret="qNRjTfrVko" frameborder="0" marginwidth="0" marginheight="0" scrolling="no" class="wp-embedded-content"></iframe><script type="text/javascript">
/* <![CDATA[ */
/*! This file is auto-generated */
!function(d,l){"use strict";l.querySelector&&d.addEventListener&&"undefined"!=typeof URL&&(d.wp=d.wp||{},d.wp.receiveEmbedMessage||(d.wp.receiveEmbedMessage=function(e){var t=e.data;if((t||t.secret||t.message||t.value)&&!/[^a-zA-Z0-9]/.test(t.secret)){for(var s,r,n,a=l.querySelectorAll('iframe[data-secret="'+t.secret+'"]'),o=l.querySelectorAll('blockquote[data-secret="'+t.secret+'"]'),c=new RegExp("^https?:$","i"),i=0;i<o.length;i++)o[i].style.display="none";for(i=0;i<a.length;i++)s=a[i],e.source===s.contentWindow&&(s.removeAttribute("style"),"height"===t.message?(1e3<(r=parseInt(t.value,10))?r=1e3:~~r<200&&(r=200),s.height=r):"link"===t.message&&(r=new URL(s.getAttribute("src")),n=new URL(t.value),c.test(n.protocol))&&n.host===r.host&&l.activeElement===s&&(d.top.location.href=t.value))}},d.addEventListener("message",d.wp.receiveEmbedMessage,!1),l.addEventListener("DOMContentLoaded",function(){for(var e,t,s=l.querySelectorAll("iframe.wp-embedded-content"),r=0;r<s.length;r++)(t=(e=s[r]).getAttribute("data-secret"))||(t=Math.random().toString(36).substring(2,12),e.src+="#?secret="+t,e.setAttribute("data-secret",t)),e.contentWindow.postMessage({message:"ready",secret:t},"*")},!1)))}(window,document);
//# sourceURL=https://news.sap.com/latinamerica/wp-includes/js/wp-embed.min.js
/* ]]> */
</script>

La sociedad estuvo inmersa durante 2020 y buena parte de 2021 en navegar dos olas: por un lado, la crisis sanitaria consecuencia del COVID-19, incluyendo el progreso de los planes de vacunación; por el otro, los efectos económicos que produjo la pandemia. Sin embargo, por detrás asoma una ola aún más profunda, con el potencial de generar un impacto definitivo en los negocios en particular y en el futuro del planeta en general: el cambio climático.
