  {"version":"1.0","provider_name":"Βι¶ΉΤ­΄΄ News Center Latinoam\u00e9rica","provider_url":"https:\/\/news.sap.com\/latinamerica","author_name":"Nadia Torres","author_url":"https:\/\/news.sap.com\/latinamerica\/author\/nadiatorres\/","title":"La pandemia y los nuevos patrones de consumo","type":"rich","width":600,"height":338,"html":"<blockquote class=\"wp-embedded-content\" data-secret=\"sQNsMubu3p\"><a href=\"https:\/\/news.sap.com\/latinamerica\/2021\/08\/la-pandemia-y-los-nuevos-patrones-de-consumo\/\">La pandemia y los nuevos patrones de consumo<\/a><\/blockquote><iframe sandbox=\"allow-scripts\" security=\"restricted\" src=\"https:\/\/news.sap.com\/latinamerica\/2021\/08\/la-pandemia-y-los-nuevos-patrones-de-consumo\/embed\/#?secret=sQNsMubu3p\" width=\"600\" height=\"338\" title=\"&#8220;La pandemia y los nuevos patrones de consumo&#8221; &#8212; Βι¶ΉΤ­΄΄ News Center Latinoam\u00e9rica\" data-secret=\"sQNsMubu3p\" frameborder=\"0\" marginwidth=\"0\" marginheight=\"0\" scrolling=\"no\" class=\"wp-embedded-content\"><\/iframe><script type=\"text\/javascript\">\n\/* <![CDATA[ *\/\n\/*! This file is auto-generated *\/\n!function(d,l){\"use strict\";l.querySelector&&d.addEventListener&&\"undefined\"!=typeof URL&&(d.wp=d.wp||{},d.wp.receiveEmbedMessage||(d.wp.receiveEmbedMessage=function(e){var t=e.data;if((t||t.secret||t.message||t.value)&&!\/[^a-zA-Z0-9]\/.test(t.secret)){for(var s,r,n,a=l.querySelectorAll('iframe[data-secret=\"'+t.secret+'\"]'),o=l.querySelectorAll('blockquote[data-secret=\"'+t.secret+'\"]'),c=new RegExp(\"^https?:$\",\"i\"),i=0;i<o.length;i++)o[i].style.display=\"none\";for(i=0;i<a.length;i++)s=a[i],e.source===s.contentWindow&&(s.removeAttribute(\"style\"),\"height\"===t.message?(1e3<(r=parseInt(t.value,10))?r=1e3:~~r<200&&(r=200),s.height=r):\"link\"===t.message&&(r=new URL(s.getAttribute(\"src\")),n=new URL(t.value),c.test(n.protocol))&&n.host===r.host&&l.activeElement===s&&(d.top.location.href=t.value))}},d.addEventListener(\"message\",d.wp.receiveEmbedMessage,!1),l.addEventListener(\"DOMContentLoaded\",function(){for(var e,t,s=l.querySelectorAll(\"iframe.wp-embedded-content\"),r=0;r<s.length;r++)(t=(e=s[r]).getAttribute(\"data-secret\"))||(t=Math.random().toString(36).substring(2,12),e.src+=\"#?secret=\"+t,e.setAttribute(\"data-secret\",t)),e.contentWindow.postMessage({message:\"ready\",secret:t},\"*\")},!1)))}(window,document);\n\/\/# sourceURL=https:\/\/news.sap.com\/latinamerica\/wp-includes\/js\/wp-embed.min.js\n\/* ]]> *\/\n<\/script>\n","thumbnail_url":"https:\/\/news.sap.com\/latinamerica\/files\/2021\/08\/02\/285253_iStock-609087476-1-1024x683.jpg","thumbnail_width":1024,"thumbnail_height":683,"description":"El COVID-19 trajo profundos cambios en nuestras vidas: los modelos laborales, la forma de estudiar y, por supuesto, los patrones de consumo. La aceleraci\u00f3n de la vida digital produjo un consumidor mucho m\u00e1s exigente: quiere sus productos y servicios disponibles de inmediato, demanda una respuesta en tiempo real por parte de sus proveedores ante un problema o una inquietud, necesita experiencias \u00fanicas para seguir compr\u00e1ndole a una marca y busca la mayor personalizaci\u00f3n posible. Pero tal vez el cambio m\u00e1s notable que se expresa en estos tiempos es la consolidaci\u00f3n de un consumidor responsable, que no se preocupa solo por sentirse a gusto con lo que compra, sino tambi\u00e9n por lo que hay detr\u00e1s de ese art\u00edculo. Si es un alimento, verificar\u00e1 si es org\u00e1nico o natural. En l\u00edneas generales, averiguar\u00e1 si el fabricante es cuidadoso con el medio ambiente, si colabora con la comunidad en la que opera y si promueve la inclusi\u00f3n y la diversidad."}

Βι¶ΉΤ­΄΄ News Center Latinoamérica

<blockquote class="wp-embedded-content" data-secret="sQNsMubu3p"><a href="https://news.sap.com/latinamerica/2021/08/la-pandemia-y-los-nuevos-patrones-de-consumo/">La pandemia y los nuevos patrones de consumo</a></blockquote><iframe sandbox="allow-scripts" security="restricted" src="https://news.sap.com/latinamerica/2021/08/la-pandemia-y-los-nuevos-patrones-de-consumo/embed/#?secret=sQNsMubu3p" width="600" height="338" title="&#8220;La pandemia y los nuevos patrones de consumo&#8221; &#8212; Βι¶ΉΤ­΄΄ News Center Latinoamérica" data-secret="sQNsMubu3p" frameborder="0" marginwidth="0" marginheight="0" scrolling="no" class="wp-embedded-content"></iframe><script type="text/javascript">
/* <![CDATA[ */
/*! This file is auto-generated */
!function(d,l){"use strict";l.querySelector&&d.addEventListener&&"undefined"!=typeof URL&&(d.wp=d.wp||{},d.wp.receiveEmbedMessage||(d.wp.receiveEmbedMessage=function(e){var t=e.data;if((t||t.secret||t.message||t.value)&&!/[^a-zA-Z0-9]/.test(t.secret)){for(var s,r,n,a=l.querySelectorAll('iframe[data-secret="'+t.secret+'"]'),o=l.querySelectorAll('blockquote[data-secret="'+t.secret+'"]'),c=new RegExp("^https?:$","i"),i=0;i<o.length;i++)o[i].style.display="none";for(i=0;i<a.length;i++)s=a[i],e.source===s.contentWindow&&(s.removeAttribute("style"),"height"===t.message?(1e3<(r=parseInt(t.value,10))?r=1e3:~~r<200&&(r=200),s.height=r):"link"===t.message&&(r=new URL(s.getAttribute("src")),n=new URL(t.value),c.test(n.protocol))&&n.host===r.host&&l.activeElement===s&&(d.top.location.href=t.value))}},d.addEventListener("message",d.wp.receiveEmbedMessage,!1),l.addEventListener("DOMContentLoaded",function(){for(var e,t,s=l.querySelectorAll("iframe.wp-embedded-content"),r=0;r<s.length;r++)(t=(e=s[r]).getAttribute("data-secret"))||(t=Math.random().toString(36).substring(2,12),e.src+="#?secret="+t,e.setAttribute("data-secret",t)),e.contentWindow.postMessage({message:"ready",secret:t},"*")},!1)))}(window,document);
//# sourceURL=https://news.sap.com/latinamerica/wp-includes/js/wp-embed.min.js
/* ]]> */
</script>

El COVID-19 trajo profundos cambios en nuestras vidas: los modelos laborales, la forma de estudiar y, por supuesto, los patrones de consumo. La aceleración de la vida digital produjo un consumidor mucho más exigente: quiere sus productos y servicios disponibles de inmediato, demanda una respuesta en tiempo real por parte de sus proveedores ante un problema o una inquietud, necesita experiencias únicas para seguir comprándole a una marca y busca la mayor personalización posible. Pero tal vez el cambio más notable que se expresa en estos tiempos es la consolidación de un consumidor responsable, que no se preocupa solo por sentirse a gusto con lo que compra, sino también por lo que hay detrás de ese artículo. Si es un alimento, verificará si es orgánico o natural. En líneas generales, averiguará si el fabricante es cuidadoso con el medio ambiente, si colabora con la comunidad en la que opera y si promueve la inclusión y la diversidad.
