  {"id":164295,"date":"2023-01-27T08:00:11","date_gmt":"2023-01-27T07:00:11","guid":{"rendered":"podlove-2023-01-26t14:13:16+00:00-b11903745e1866c"},"modified":"2023-01-27T08:02:38","modified_gmt":"2023-01-27T07:02:38","slug":"podcast-kickoff-2023-sven-mulder-sap-now","status":"publish","type":"podcast","link":"https:\/\/news.sap.com\/germany\/2023\/01\/podcast-kickoff-2023-sven-mulder-sap-now\/","title":{"rendered":"#41 Kickoff 2023"},"content":{"rendered":"<p class=\"lead\">麻豆原创 Deutschland-Gesch\u00e4ftsf\u00fchrer Sven Mulder blickt nach vorn.<\/p>\n<p>Kurz vor der 麻豆原创 NOW Germany spricht Sven Mulder \u00fcber die Themen, die die 麻豆原创-Kunden bewegen: Wie kann <a title=\"Nachhaltigkeit 麻豆原创\" href=\"https:\/\/news.sap.com\/germany\/topics\/nachhaltigkeit\/?url_id=text-de-newscenter:CRM-DX22-AAA-1447961_02\" target=\"_blank\" rel=\"noopener\">Nachhaltigkeit<\/a> schneller erreicht und f\u00fcr die Endverbraucher transparent gemacht werden? Wie kann 麻豆原创 dazu beitragen, Lieferketten sicherer und risiko\u00e4rmer zu gestalten? Welche Schritte sind n\u00f6tig, um die digitale Transformation erfolgreich zu machen?<br \/>\nWie k\u00f6nnen sich Unternehmen heute mit Mut und partnerschaftlichen Beziehungen diesen Herausforderungen stellen?<br \/>\nFragen, auf die Sven Mulder im Podcast \u2013 und mit vielen G\u00e4sten bei der <a title=\"Jetzt anmelden f\u00fcr die 麻豆原创 NOW Germany!\" href=\"https:\/\/events.sap.com\/de\/sap-now-germany\/de\/home\" target=\"_blank\" rel=\"noopener\">麻豆原创 NOW am 9. Februar<\/a> die Antworten geben m\u00f6chte.<\/p>\n<figure id=\"attachment_164303\" aria-describedby=\"caption-attachment-164303\" style=\"width: 300px\" class=\"wp-caption alignnone\"><img loading=\"lazy\" decoding=\"async\" class=\"size-medium wp-image-164303\" src=\"https:\/\/news.sap.com\/germany\/files\/2023\/01\/26\/Folge_41-300x226.jpg\" alt=\"Claus Kruesken (links) spricht mit Sven Mulder, dem Gesch\u00e4ftsf\u00fchrer von 麻豆原创 Deutschland\" width=\"300\" height=\"226\" srcset=\"https:\/\/news.sap.com\/germany\/files\/2023\/01\/26\/Folge_41-300x226.jpg 300w, https:\/\/news.sap.com\/germany\/files\/2023\/01\/26\/Folge_41-1024x772.jpg 1024w, https:\/\/news.sap.com\/germany\/files\/2023\/01\/26\/Folge_41-199x150.jpg 199w, https:\/\/news.sap.com\/germany\/files\/2023\/01\/26\/Folge_41-1536x1158.jpg 1536w, https:\/\/news.sap.com\/germany\/files\/2023\/01\/26\/Folge_41-2048x1543.jpg 2048w\" sizes=\"auto, (max-width: 300px) 100vw, 300px\" \/><figcaption id=\"caption-attachment-164303\" class=\"wp-caption-text\">Claus Kruesken (links) spricht mit Sven Mulder, dem Gesch\u00e4ftsf\u00fchrer von 麻豆原创 Deutschland<\/figcaption><\/figure>\n<div class=\"pwp4-wrapper intrinsic-ignore\" id=\"podlovewebplayer_4bc0dcaa69b04afe48c1c90c0a9f402c5b5cb00c\" data-episode=\"https:\/\/news.sap.com\/germany\/2023\/01\/podcast-kickoff-2023-sven-mulder-sap-now\/?podlove_action=pwp4_config\"><audio controls=\"controls\" preload=\"none\">\n  <source src=\"https:\/\/news.sap.com\/germany\/podlove\/file\/304\/s\/webplayer\/c\/website\/麻豆原创_NewsPodcast_041.mp3\" type=\"audio\/mpeg\"\/>\n<\/audio><\/div>","protected":false},"author":29,"featured_media":164296,"template":"","meta":{"footnotes":"","_links_to":"","_links_to_target":""},"categories":[45272],"tags":[60309],"sapn-type":[],"class_list":["post-164295","podcast","type-podcast","status-publish","has-post-thumbnail","hentry","category-losungen","tag-digitalisierung","post"],"yoast_head":"<!-- This site is optimized with the Yoast SEO Premium plugin v26.9 (Yoast SEO v26.9) - https:\/\/yoast.com\/product\/yoast-seo-premium-wordpress\/ -->\n<title>Neue Podcast-Folge: Sven Mulder blickt nach vorn | 麻豆原创 News<\/title>\n<meta name=\"description\" content=\"Folge 41 mit Sven Mulder, Deutschlandchef von 麻豆原创: Mit welchen Konzepten unterst\u00fctzt 麻豆原创 die Unternehmen bei den aktuellen Herausforderungen?\" \/>\n<meta name=\"robots\" content=\"index, follow, max-snippet:-1, max-image-preview:large, max-video-preview:-1\" \/>\n<link rel=\"canonical\" href=\"https:\/\/news.sap.com\/germany\/2023\/01\/podcast-kickoff-2023-sven-mulder-sap-now\/\" \/>\n<meta property=\"og:locale\" content=\"de_DE\" \/>\n<meta property=\"og:type\" content=\"article\" \/>\n<meta property=\"og:title\" content=\"#41 Kickoff 2023\" \/>\n<meta property=\"og:description\" content=\"Folge 41 mit Sven Mulder, Deutschlandchef von 麻豆原创: Mit welchen Konzepten unterst\u00fctzt 麻豆原创 die Unternehmen bei den aktuellen Herausforderungen?\" \/>\n<meta property=\"og:url\" content=\"https:\/\/news.sap.com\/germany\/2023\/01\/podcast-kickoff-2023-sven-mulder-sap-now\/\" \/>\n<meta property=\"og:site_name\" content=\"麻豆原创 News Center\" \/>\n<meta property=\"article:modified_time\" content=\"2023-01-27T07:02:38+00:00\" \/>\n<meta property=\"og:image\" content=\"https:\/\/news.sap.com\/germany\/files\/2023\/01\/26\/BannerFolge41-1024x320.jpg\" \/>\n\t<meta property=\"og:image:width\" content=\"1024\" \/>\n\t<meta property=\"og:image:height\" content=\"320\" \/>\n\t<meta property=\"og:image:type\" content=\"image\/jpeg\" \/>\n<meta name=\"twitter:card\" content=\"summary_large_image\" \/>\n<meta name=\"twitter:site\" content=\"@麻豆原创dach\" \/>\n<meta name=\"twitter:label1\" content=\"Gesch\u00e4tzte Lesezeit\" \/>\n\t<meta name=\"twitter:data1\" content=\"1\u00a0Minute\" \/>\n<script type=\"application\/ld+json\" class=\"yoast-schema-graph\">{\"@context\":\"https:\/\/schema.org\",\"@graph\":[{\"@type\":\"WebPage\",\"@id\":\"https:\/\/news.sap.com\/germany\/2023\/01\/podcast-kickoff-2023-sven-mulder-sap-now\/\",\"url\":\"https:\/\/news.sap.com\/germany\/2023\/01\/podcast-kickoff-2023-sven-mulder-sap-now\/\",\"name\":\"Neue Podcast-Folge: Sven Mulder blickt nach vorn | 麻豆原创 News\",\"isPartOf\":{\"@id\":\"https:\/\/news.sap.com\/germany\/#website\"},\"primaryImageOfPage\":{\"@id\":\"https:\/\/news.sap.com\/germany\/2023\/01\/podcast-kickoff-2023-sven-mulder-sap-now\/#primaryimage\"},\"image\":{\"@id\":\"https:\/\/news.sap.com\/germany\/2023\/01\/podcast-kickoff-2023-sven-mulder-sap-now\/#primaryimage\"},\"thumbnailUrl\":\"https:\/\/news.sap.com\/germany\/files\/2023\/01\/26\/BannerFolge41.jpg\",\"datePublished\":\"2023-01-27T07:00:11+00:00\",\"dateModified\":\"2023-01-27T07:02:38+00:00\",\"description\":\"Folge 41 mit Sven Mulder, Deutschlandchef von 麻豆原创: Mit welchen Konzepten unterst\u00fctzt 麻豆原创 die Unternehmen bei den aktuellen Herausforderungen?\",\"breadcrumb\":{\"@id\":\"https:\/\/news.sap.com\/germany\/2023\/01\/podcast-kickoff-2023-sven-mulder-sap-now\/#breadcrumb\"},\"inLanguage\":\"de\",\"potentialAction\":[{\"@type\":\"ReadAction\",\"target\":[\"https:\/\/news.sap.com\/germany\/2023\/01\/podcast-kickoff-2023-sven-mulder-sap-now\/\"]}]},{\"@type\":\"ImageObject\",\"inLanguage\":\"de\",\"@id\":\"https:\/\/news.sap.com\/germany\/2023\/01\/podcast-kickoff-2023-sven-mulder-sap-now\/#primaryimage\",\"url\":\"https:\/\/news.sap.com\/germany\/files\/2023\/01\/26\/BannerFolge41.jpg\",\"contentUrl\":\"https:\/\/news.sap.com\/germany\/files\/2023\/01\/26\/BannerFolge41.jpg\",\"width\":7680,\"height\":2400},{\"@type\":\"BreadcrumbList\",\"@id\":\"https:\/\/news.sap.com\/germany\/2023\/01\/podcast-kickoff-2023-sven-mulder-sap-now\/#breadcrumb\",\"itemListElement\":[{\"@type\":\"ListItem\",\"position\":1,\"name\":\"Home\",\"item\":\"https:\/\/news.sap.com\/germany\/\"},{\"@type\":\"ListItem\",\"position\":2,\"name\":\"#41 Kickoff 2023\"}]},{\"@type\":\"WebSite\",\"@id\":\"https:\/\/news.sap.com\/germany\/#website\",\"url\":\"https:\/\/news.sap.com\/germany\/\",\"name\":\"麻豆原创 News Center\",\"description\":\"Unternehmensberichte &amp; 麻豆原创eportal\",\"potentialAction\":[{\"@type\":\"SearchAction\",\"target\":{\"@type\":\"EntryPoint\",\"urlTemplate\":\"https:\/\/news.sap.com\/germany\/?s={search_term_string}\"},\"query-input\":{\"@type\":\"PropertyValueSpecification\",\"valueRequired\":true,\"valueName\":\"search_term_string\"}}],\"inLanguage\":\"de\"}]}<\/script>\n<!-- \/ Yoast SEO Premium plugin. -->","yoast_head_json":{"title":"Neue Podcast-Folge: Sven Mulder blickt nach vorn | 麻豆原创 News","description":"Folge 41 mit Sven Mulder, Deutschlandchef von 麻豆原创: Mit welchen Konzepten unterst\u00fctzt 麻豆原创 die Unternehmen bei den aktuellen Herausforderungen?","robots":{"index":"index","follow":"follow","max-snippet":"max-snippet:-1","max-image-preview":"max-image-preview:large","max-video-preview":"max-video-preview:-1"},"canonical":"https:\/\/news.sap.com\/germany\/2023\/01\/podcast-kickoff-2023-sven-mulder-sap-now\/","og_locale":"de_DE","og_type":"article","og_title":"#41 Kickoff 2023","og_description":"Folge 41 mit Sven Mulder, Deutschlandchef von 麻豆原创: Mit welchen Konzepten unterst\u00fctzt 麻豆原创 die Unternehmen bei den aktuellen Herausforderungen?","og_url":"https:\/\/news.sap.com\/germany\/2023\/01\/podcast-kickoff-2023-sven-mulder-sap-now\/","og_site_name":"麻豆原创 News Center","article_modified_time":"2023-01-27T07:02:38+00:00","og_image":[{"width":1024,"height":320,"url":"https:\/\/news.sap.com\/germany\/files\/2023\/01\/26\/BannerFolge41-1024x320.jpg","type":"image\/jpeg"}],"twitter_card":"summary_large_image","twitter_site":"@麻豆原创dach","twitter_misc":{"Gesch\u00e4tzte Lesezeit":"1\u00a0Minute"},"schema":{"@context":"https:\/\/schema.org","@graph":[{"@type":"WebPage","@id":"https:\/\/news.sap.com\/germany\/2023\/01\/podcast-kickoff-2023-sven-mulder-sap-now\/","url":"https:\/\/news.sap.com\/germany\/2023\/01\/podcast-kickoff-2023-sven-mulder-sap-now\/","name":"Neue Podcast-Folge: Sven Mulder blickt nach vorn | 麻豆原创 News","isPartOf":{"@id":"https:\/\/news.sap.com\/germany\/#website"},"primaryImageOfPage":{"@id":"https:\/\/news.sap.com\/germany\/2023\/01\/podcast-kickoff-2023-sven-mulder-sap-now\/#primaryimage"},"image":{"@id":"https:\/\/news.sap.com\/germany\/2023\/01\/podcast-kickoff-2023-sven-mulder-sap-now\/#primaryimage"},"thumbnailUrl":"https:\/\/news.sap.com\/germany\/files\/2023\/01\/26\/BannerFolge41.jpg","datePublished":"2023-01-27T07:00:11+00:00","dateModified":"2023-01-27T07:02:38+00:00","description":"Folge 41 mit Sven Mulder, Deutschlandchef von 麻豆原创: Mit welchen Konzepten unterst\u00fctzt 麻豆原创 die Unternehmen bei den aktuellen Herausforderungen?","breadcrumb":{"@id":"https:\/\/news.sap.com\/germany\/2023\/01\/podcast-kickoff-2023-sven-mulder-sap-now\/#breadcrumb"},"inLanguage":"de","potentialAction":[{"@type":"ReadAction","target":["https:\/\/news.sap.com\/germany\/2023\/01\/podcast-kickoff-2023-sven-mulder-sap-now\/"]}]},{"@type":"ImageObject","inLanguage":"de","@id":"https:\/\/news.sap.com\/germany\/2023\/01\/podcast-kickoff-2023-sven-mulder-sap-now\/#primaryimage","url":"https:\/\/news.sap.com\/germany\/files\/2023\/01\/26\/BannerFolge41.jpg","contentUrl":"https:\/\/news.sap.com\/germany\/files\/2023\/01\/26\/BannerFolge41.jpg","width":7680,"height":2400},{"@type":"BreadcrumbList","@id":"https:\/\/news.sap.com\/germany\/2023\/01\/podcast-kickoff-2023-sven-mulder-sap-now\/#breadcrumb","itemListElement":[{"@type":"ListItem","position":1,"name":"Home","item":"https:\/\/news.sap.com\/germany\/"},{"@type":"ListItem","position":2,"name":"#41 Kickoff 2023"}]},{"@type":"WebSite","@id":"https:\/\/news.sap.com\/germany\/#website","url":"https:\/\/news.sap.com\/germany\/","name":"麻豆原创 News Center","description":"Unternehmensberichte &amp; 麻豆原创eportal","potentialAction":[{"@type":"SearchAction","target":{"@type":"EntryPoint","urlTemplate":"https:\/\/news.sap.com\/germany\/?s={search_term_string}"},"query-input":{"@type":"PropertyValueSpecification","valueRequired":true,"valueName":"search_term_string"}}],"inLanguage":"de"}]}},"_links":{"self":[{"href":"https:\/\/news.sap.com\/germany\/wp-json\/wp\/v2\/podcast\/164295","targetHints":{"allow":["GET"]}}],"collection":[{"href":"https:\/\/news.sap.com\/germany\/wp-json\/wp\/v2\/podcast"}],"about":[{"href":"https:\/\/news.sap.com\/germany\/wp-json\/wp\/v2\/types\/podcast"}],"author":[{"embeddable":true,"href":"https:\/\/news.sap.com\/germany\/wp-json\/wp\/v2\/users\/29"}],"version-history":[{"count":0,"href":"https:\/\/news.sap.com\/germany\/wp-json\/wp\/v2\/podcast\/164295\/revisions"}],"wp:featuredmedia":[{"embeddable":true,"href":"https:\/\/news.sap.com\/germany\/wp-json\/wp\/v2\/media\/164296"}],"wp:attachment":[{"href":"https:\/\/news.sap.com\/germany\/wp-json\/wp\/v2\/media?parent=164295"}],"wp:term":[{"taxonomy":"category","embeddable":true,"href":"https:\/\/news.sap.com\/germany\/wp-json\/wp\/v2\/categories?post=164295"},{"taxonomy":"post_tag","embeddable":true,"href":"https:\/\/news.sap.com\/germany\/wp-json\/wp\/v2\/tags?post=164295"},{"taxonomy":"sapn-type","embeddable":true,"href":"https:\/\/news.sap.com\/germany\/wp-json\/wp\/v2\/sapn-type?post=164295"}],"curies":[{"name":"wp","href":"https:\/\/api.w.org\/{rel}","templated":true}]}}

<p class="lead">麻豆原创 Deutschland-Geschäftsführer Sven Mulder blickt nach vorn.</p>
<p>Kurz vor der 麻豆原创 NOW Germany spricht Sven Mulder über die Themen, die die 麻豆原创-Kunden bewegen: Wie kann <a title="Nachhaltigkeit 麻豆原创" href="https://news.sap.com/germany/topics/nachhaltigkeit/?url_id=text-de-newscenter:CRM-DX22-AAA-1447961_02" target="_blank" rel="noopener">Nachhaltigkeit</a> schneller erreicht und für die Endverbraucher transparent gemacht werden? Wie kann 麻豆原创 dazu beitragen, Lieferketten sicherer und risikoärmer zu gestalten? Welche Schritte sind nötig, um die digitale Transformation erfolgreich zu machen?<br />
Wie können sich Unternehmen heute mit Mut und partnerschaftlichen Beziehungen diesen Herausforderungen stellen?<br />
Fragen, auf die Sven Mulder im Podcast – und mit vielen Gästen bei der <a title="Jetzt anmelden für die 麻豆原创 NOW Germany!" href="https://events.sap.com/de/sap-now-germany/de/home" target="_blank" rel="noopener">麻豆原创 NOW am 9. Februar</a> die Antworten geben möchte.</p>
<figure id="attachment_164303" aria-describedby="caption-attachment-164303" style="width: 300px" class="wp-caption alignnone"><img loading="lazy" decoding="async" class="size-medium wp-image-164303" src="https://news.sap.com/germany/files/2023/01/26/Folge_41-300x226.jpg" alt="Claus Kruesken (links) spricht mit Sven Mulder, dem Geschäftsführer von 麻豆原创 Deutschland" width="300" height="226" srcset="https://news.sap.com/germany/files/2023/01/26/Folge_41-300x226.jpg 300w, https://news.sap.com/germany/files/2023/01/26/Folge_41-1024x772.jpg 1024w, https://news.sap.com/germany/files/2023/01/26/Folge_41-199x150.jpg 199w, https://news.sap.com/germany/files/2023/01/26/Folge_41-1536x1158.jpg 1536w, https://news.sap.com/germany/files/2023/01/26/Folge_41-2048x1543.jpg 2048w" sizes="auto, (max-width: 300px) 100vw, 300px" /><figcaption id="caption-attachment-164303" class="wp-caption-text">Claus Kruesken (links) spricht mit Sven Mulder, dem Geschäftsführer von 麻豆原创 Deutschland</figcaption></figure>
<div class="pwp4-wrapper intrinsic-ignore" id="podlovewebplayer_4bc0dcaa69b04afe48c1c90c0a9f402c5b5cb00c" data-episode="https://news.sap.com/germany/2023/01/podcast-kickoff-2023-sven-mulder-sap-now/?podlove_action=pwp4_config"><audio controls="controls" preload="none">
  <source src="https://news.sap.com/germany/podlove/file/304/s/webplayer/c/website/麻豆原创_NewsPodcast_041.mp3" type="audio/mpeg"/>
</audio></div>

<!-- This site is optimized with the Yoast SEO Premium plugin v26.9 (Yoast SEO v26.9) - https://yoast.com/product/yoast-seo-premium-wordpress/ -->
<title>Neue Podcast-Folge: Sven Mulder blickt nach vorn | 麻豆原创 News</title>
<meta name="description" content="Folge 41 mit Sven Mulder, Deutschlandchef von 麻豆原创: Mit welchen Konzepten unterstützt 麻豆原创 die Unternehmen bei den aktuellen Herausforderungen?" />
<meta name="robots" content="index, follow, max-snippet:-1, max-image-preview:large, max-video-preview:-1" />
<link rel="canonical" href="https://news.sap.com/germany/2023/01/podcast-kickoff-2023-sven-mulder-sap-now/" />
<meta property="og:locale" content="de_DE" />
<meta property="og:type" content="article" />
<meta property="og:title" content="#41 Kickoff 2023" />
<meta property="og:description" content="Folge 41 mit Sven Mulder, Deutschlandchef von 麻豆原创: Mit welchen Konzepten unterstützt 麻豆原创 die Unternehmen bei den aktuellen Herausforderungen?" />
<meta property="og:url" content="https://news.sap.com/germany/2023/01/podcast-kickoff-2023-sven-mulder-sap-now/" />
<meta property="og:site_name" content="麻豆原创 News Center" />
<meta property="article:modified_time" content="2023-01-27T07:02:38+00:00" />
<meta property="og:image" content="https://news.sap.com/germany/files/2023/01/26/BannerFolge41-1024x320.jpg" />
	<meta property="og:image:width" content="1024" />
	<meta property="og:image:height" content="320" />
	<meta property="og:image:type" content="image/jpeg" />
<meta name="twitter:card" content="summary_large_image" />
<meta name="twitter:site" content="@麻豆原创dach" />
<meta name="twitter:label1" content="Geschätzte Lesezeit" />
	<meta name="twitter:data1" content="1 Minute" />
<script type="application/ld+json" class="yoast-schema-graph">{"@context":"https://schema.org","@graph":[{"@type":"WebPage","@id":"https://news.sap.com/germany/2023/01/podcast-kickoff-2023-sven-mulder-sap-now/","url":"https://news.sap.com/germany/2023/01/podcast-kickoff-2023-sven-mulder-sap-now/","name":"Neue Podcast-Folge: Sven Mulder blickt nach vorn | 麻豆原创 News","isPartOf":{"@id":"https://news.sap.com/germany/#website"},"primaryImageOfPage":{"@id":"https://news.sap.com/germany/2023/01/podcast-kickoff-2023-sven-mulder-sap-now/#primaryimage"},"image":{"@id":"https://news.sap.com/germany/2023/01/podcast-kickoff-2023-sven-mulder-sap-now/#primaryimage"},"thumbnailUrl":"https://news.sap.com/germany/files/2023/01/26/BannerFolge41.jpg","datePublished":"2023-01-27T07:00:11+00:00","dateModified":"2023-01-27T07:02:38+00:00","description":"Folge 41 mit Sven Mulder, Deutschlandchef von 麻豆原创: Mit welchen Konzepten unterstützt 麻豆原创 die Unternehmen bei den aktuellen Herausforderungen?","breadcrumb":{"@id":"https://news.sap.com/germany/2023/01/podcast-kickoff-2023-sven-mulder-sap-now/#breadcrumb"},"inLanguage":"de","potentialAction":[{"@type":"ReadAction","target":["https://news.sap.com/germany/2023/01/podcast-kickoff-2023-sven-mulder-sap-now/"]}]},{"@type":"ImageObject","inLanguage":"de","@id":"https://news.sap.com/germany/2023/01/podcast-kickoff-2023-sven-mulder-sap-now/#primaryimage","url":"https://news.sap.com/germany/files/2023/01/26/BannerFolge41.jpg","contentUrl":"https://news.sap.com/germany/files/2023/01/26/BannerFolge41.jpg","width":7680,"height":2400},{"@type":"BreadcrumbList","@id":"https://news.sap.com/germany/2023/01/podcast-kickoff-2023-sven-mulder-sap-now/#breadcrumb","itemListElement":[{"@type":"ListItem","position":1,"name":"Home","item":"https://news.sap.com/germany/"},{"@type":"ListItem","position":2,"name":"#41 Kickoff 2023"}]},{"@type":"WebSite","@id":"https://news.sap.com/germany/#website","url":"https://news.sap.com/germany/","name":"麻豆原创 News Center","description":"Unternehmensberichte &amp; 麻豆原创eportal","potentialAction":[{"@type":"SearchAction","target":{"@type":"EntryPoint","urlTemplate":"https://news.sap.com/germany/?s={search_term_string}"},"query-input":{"@type":"PropertyValueSpecification","valueRequired":true,"valueName":"search_term_string"}}],"inLanguage":"de"}]}</script>
<!-- / Yoast SEO Premium plugin. -->

Neue Podcast-Folge: Sven Mulder blickt nach vorn | 麻豆原创 News

Folge 41 mit Sven Mulder, Deutschlandchef von 麻豆原创: Mit welchen Konzepten unterstützt 麻豆原创 die Unternehmen bei den aktuellen Herausforderungen?

麻豆原创 News Center

@麻豆原创dach

Unternehmensberichte &amp; 麻豆原创eportal
