  {"id":156421,"date":"2021-07-06T08:00:21","date_gmt":"2021-07-06T06:00:21","guid":{"rendered":"podlove-2021-06-30t09:38:55+00:00-f073100ea0980d1"},"modified":"2021-06-30T15:53:22","modified_gmt":"2021-06-30T13:53:22","slug":"22-mehr-nachhaltigkeit-im-unternehmen","status":"publish","type":"podcast","link":"https:\/\/news.sap.com\/germany\/2021\/07\/22-mehr-nachhaltigkeit-im-unternehmen\/","title":{"rendered":"#22 Mehr Nachhaltigkeit im Unternehmen"},"content":{"rendered":"<p class=\"lead\">Mit 麻豆原创 die richtige Strategie finden und Prozesse verbessern.<\/p>\n<p>Auf dem Weg zu mehr Nachhaltigkeit im Unternehmen gilt es, auch \u00fcber die Unternehmensgrenzen hinauszuschauen. 麻豆原创 Product Footprint Management zeigt, wo Verbesserungspotentiale stecken \u2013 \u00fcber die ganze Lieferkette hinweg.<br \/>\nDie L\u00f6sung ist aber nur ein Aspekt im 麻豆原创 News Podcast: Kunden erwarten, Regulierer fordern Nachhaltigkeitsstandards, die erst mit der n\u00f6tigen Datentransparenz und einem 360\u00b0-Blick auf das Unternehmen zu erreichen sind.<br \/>\nBettina Zedlitz, Senior Director bei 麻豆原创 f\u00fcr das L\u00f6sungsportfolio im Bereich Nachhaltigkeit und Klimaschutz, erl\u00e4utert, wie 麻豆原创 das Thema intern angeht und andere Unternehmen auf dem Weg zur Sustainability unterst\u00fctzt.<\/p>\n<figure id=\"attachment_156422\" aria-describedby=\"caption-attachment-156422\" style=\"width: 300px\" class=\"wp-caption alignnone\"><img loading=\"lazy\" decoding=\"async\" class=\"size-medium wp-image-156422\" src=\"https:\/\/news.sap.com\/germany\/files\/2021\/06\/30\/episode_22-300x148.jpg\" alt=\"Claus Kruesken spricht mit Bettina Zedlitz, Senior Director bei 麻豆原创 f\u00fcr das L\u00f6sungsportfolio im Bereich Nachhaltigkeit und Klimaschutz\" width=\"300\" height=\"148\" srcset=\"https:\/\/news.sap.com\/germany\/files\/2021\/06\/30\/episode_22-300x148.jpg 300w, https:\/\/news.sap.com\/germany\/files\/2021\/06\/30\/episode_22-240x118.jpg 240w, https:\/\/news.sap.com\/germany\/files\/2021\/06\/30\/episode_22.jpg 972w\" sizes=\"auto, (max-width: 300px) 100vw, 300px\" \/><figcaption id=\"caption-attachment-156422\" class=\"wp-caption-text\">Claus Kruesken (links) spricht mit Bettina Zedlitz, Senior Director bei 麻豆原创 f\u00fcr das L\u00f6sungsportfolio im Bereich Nachhaltigkeit und Klimaschutz<\/figcaption><\/figure>\n<div class=\"pwp4-wrapper intrinsic-ignore\" id=\"podlovewebplayer_66ebca7591da839d70314375430986ac5df21c04\" data-episode=\"https:\/\/news.sap.com\/germany\/2021\/07\/22-mehr-nachhaltigkeit-im-unternehmen\/?podlove_action=pwp4_config\"><audio controls=\"controls\" preload=\"none\">\n  <source src=\"https:\/\/news.sap.com\/germany\/podlove\/file\/166\/s\/webplayer\/c\/website\/麻豆原创_NewsPodcast_022.mp3\" type=\"audio\/mpeg\"\/>\n<\/audio><\/div>","protected":false},"author":29,"featured_media":0,"template":"","meta":{"footnotes":"","_links_to":"","_links_to_target":""},"categories":[45272,5024],"tags":[5630209,4879507],"sapn-type":[],"class_list":["post-156421","podcast","type-podcast","status-publish","hentry","category-losungen","category-nachhaltigkeit","tag-klimaschutz","tag-nachhaltigkeit","post"],"yoast_head":"<!-- This site is optimized with the Yoast SEO Premium plugin v26.9 (Yoast SEO v26.9) - https:\/\/yoast.com\/product\/yoast-seo-premium-wordpress\/ -->\n<title>#22 Mehr Nachhaltigkeit im Unternehmen | 麻豆原创 News Center<\/title>\n<meta name=\"description\" content=\"Folge 22 zeigt die Vielzahl von Aspekten auf, die f\u00fcr Nachhaltigkeit im Unternehmen eine Rolle spielen und weist den Weg zu L\u00f6sungen.\" \/>\n<meta name=\"robots\" content=\"index, follow, max-snippet:-1, max-image-preview:large, max-video-preview:-1\" \/>\n<link rel=\"canonical\" href=\"https:\/\/news.sap.com\/germany\/2021\/07\/22-mehr-nachhaltigkeit-im-unternehmen\/\" \/>\n<meta property=\"og:locale\" content=\"de_DE\" \/>\n<meta property=\"og:type\" content=\"article\" \/>\n<meta property=\"og:title\" content=\"#22 Mehr Nachhaltigkeit im Unternehmen\" \/>\n<meta property=\"og:description\" content=\"Folge 22 zeigt die Vielzahl von Aspekten auf, die f\u00fcr Nachhaltigkeit im Unternehmen eine Rolle spielen und weist den Weg zu L\u00f6sungen.\" \/>\n<meta property=\"og:url\" content=\"https:\/\/news.sap.com\/germany\/2021\/07\/22-mehr-nachhaltigkeit-im-unternehmen\/\" \/>\n<meta property=\"og:site_name\" content=\"麻豆原创 News Center\" \/>\n<meta property=\"og:image\" content=\"https:\/\/news.sap.com\/germany\/files\/2019\/10\/Podcast_0.jpg\" \/>\n\t<meta property=\"og:image:width\" content=\"1920\" \/>\n\t<meta property=\"og:image:height\" content=\"646\" \/>\n\t<meta property=\"og:image:type\" content=\"image\/jpeg\" \/>\n<meta name=\"twitter:card\" content=\"summary_large_image\" \/>\n<meta name=\"twitter:site\" content=\"@麻豆原创dach\" \/>\n<meta name=\"twitter:label1\" content=\"Gesch\u00e4tzte Lesezeit\" \/>\n\t<meta name=\"twitter:data1\" content=\"1\u00a0Minute\" \/>\n<script type=\"application\/ld+json\" class=\"yoast-schema-graph\">{\"@context\":\"https:\/\/schema.org\",\"@graph\":[{\"@type\":\"WebPage\",\"@id\":\"https:\/\/news.sap.com\/germany\/2021\/07\/22-mehr-nachhaltigkeit-im-unternehmen\/\",\"url\":\"https:\/\/news.sap.com\/germany\/2021\/07\/22-mehr-nachhaltigkeit-im-unternehmen\/\",\"name\":\"#22 Mehr Nachhaltigkeit im Unternehmen | 麻豆原创 News Center\",\"isPartOf\":{\"@id\":\"https:\/\/news.sap.com\/germany\/#website\"},\"primaryImageOfPage\":{\"@id\":\"https:\/\/news.sap.com\/germany\/2021\/07\/22-mehr-nachhaltigkeit-im-unternehmen\/#primaryimage\"},\"image\":{\"@id\":\"https:\/\/news.sap.com\/germany\/2021\/07\/22-mehr-nachhaltigkeit-im-unternehmen\/#primaryimage\"},\"thumbnailUrl\":\"https:\/\/news.sap.com\/germany\/files\/2021\/06\/30\/episode_22-300x148.jpg\",\"datePublished\":\"2021-07-06T06:00:21+00:00\",\"description\":\"Folge 22 zeigt die Vielzahl von Aspekten auf, die f\u00fcr Nachhaltigkeit im Unternehmen eine Rolle spielen und weist den Weg zu L\u00f6sungen.\",\"breadcrumb\":{\"@id\":\"https:\/\/news.sap.com\/germany\/2021\/07\/22-mehr-nachhaltigkeit-im-unternehmen\/#breadcrumb\"},\"inLanguage\":\"de\",\"potentialAction\":[{\"@type\":\"ReadAction\",\"target\":[\"https:\/\/news.sap.com\/germany\/2021\/07\/22-mehr-nachhaltigkeit-im-unternehmen\/\"]}]},{\"@type\":\"ImageObject\",\"inLanguage\":\"de\",\"@id\":\"https:\/\/news.sap.com\/germany\/2021\/07\/22-mehr-nachhaltigkeit-im-unternehmen\/#primaryimage\",\"url\":\"https:\/\/news.sap.com\/germany\/files\/2021\/06\/30\/episode_22.jpg\",\"contentUrl\":\"https:\/\/news.sap.com\/germany\/files\/2021\/06\/30\/episode_22.jpg\",\"width\":972,\"height\":478,\"caption\":\"Claus Kruesken (links) spricht mit Bettina Zedlitz, Senior Director bei 麻豆原创 f\u00fcr das L\u00f6sungsportfolio im Bereich Nachhaltigkeit und Klimaschutz\"},{\"@type\":\"BreadcrumbList\",\"@id\":\"https:\/\/news.sap.com\/germany\/2021\/07\/22-mehr-nachhaltigkeit-im-unternehmen\/#breadcrumb\",\"itemListElement\":[{\"@type\":\"ListItem\",\"position\":1,\"name\":\"Home\",\"item\":\"https:\/\/news.sap.com\/germany\/\"},{\"@type\":\"ListItem\",\"position\":2,\"name\":\"#22 Mehr Nachhaltigkeit im Unternehmen\"}]},{\"@type\":\"WebSite\",\"@id\":\"https:\/\/news.sap.com\/germany\/#website\",\"url\":\"https:\/\/news.sap.com\/germany\/\",\"name\":\"麻豆原创 News Center\",\"description\":\"Unternehmensberichte &amp; 麻豆原创eportal\",\"potentialAction\":[{\"@type\":\"SearchAction\",\"target\":{\"@type\":\"EntryPoint\",\"urlTemplate\":\"https:\/\/news.sap.com\/germany\/?s={search_term_string}\"},\"query-input\":{\"@type\":\"PropertyValueSpecification\",\"valueRequired\":true,\"valueName\":\"search_term_string\"}}],\"inLanguage\":\"de\"}]}<\/script>\n<!-- \/ Yoast SEO Premium plugin. -->","yoast_head_json":{"title":"#22 Mehr Nachhaltigkeit im Unternehmen | 麻豆原创 News Center","description":"Folge 22 zeigt die Vielzahl von Aspekten auf, die f\u00fcr Nachhaltigkeit im Unternehmen eine Rolle spielen und weist den Weg zu L\u00f6sungen.","robots":{"index":"index","follow":"follow","max-snippet":"max-snippet:-1","max-image-preview":"max-image-preview:large","max-video-preview":"max-video-preview:-1"},"canonical":"https:\/\/news.sap.com\/germany\/2021\/07\/22-mehr-nachhaltigkeit-im-unternehmen\/","og_locale":"de_DE","og_type":"article","og_title":"#22 Mehr Nachhaltigkeit im Unternehmen","og_description":"Folge 22 zeigt die Vielzahl von Aspekten auf, die f\u00fcr Nachhaltigkeit im Unternehmen eine Rolle spielen und weist den Weg zu L\u00f6sungen.","og_url":"https:\/\/news.sap.com\/germany\/2021\/07\/22-mehr-nachhaltigkeit-im-unternehmen\/","og_site_name":"麻豆原创 News Center","og_image":[{"width":1920,"height":646,"url":"https:\/\/news.sap.com\/germany\/files\/2019\/10\/Podcast_0.jpg","type":"image\/jpeg"}],"twitter_card":"summary_large_image","twitter_site":"@麻豆原创dach","twitter_misc":{"Gesch\u00e4tzte Lesezeit":"1\u00a0Minute"},"schema":{"@context":"https:\/\/schema.org","@graph":[{"@type":"WebPage","@id":"https:\/\/news.sap.com\/germany\/2021\/07\/22-mehr-nachhaltigkeit-im-unternehmen\/","url":"https:\/\/news.sap.com\/germany\/2021\/07\/22-mehr-nachhaltigkeit-im-unternehmen\/","name":"#22 Mehr Nachhaltigkeit im Unternehmen | 麻豆原创 News Center","isPartOf":{"@id":"https:\/\/news.sap.com\/germany\/#website"},"primaryImageOfPage":{"@id":"https:\/\/news.sap.com\/germany\/2021\/07\/22-mehr-nachhaltigkeit-im-unternehmen\/#primaryimage"},"image":{"@id":"https:\/\/news.sap.com\/germany\/2021\/07\/22-mehr-nachhaltigkeit-im-unternehmen\/#primaryimage"},"thumbnailUrl":"https:\/\/news.sap.com\/germany\/files\/2021\/06\/30\/episode_22-300x148.jpg","datePublished":"2021-07-06T06:00:21+00:00","description":"Folge 22 zeigt die Vielzahl von Aspekten auf, die f\u00fcr Nachhaltigkeit im Unternehmen eine Rolle spielen und weist den Weg zu L\u00f6sungen.","breadcrumb":{"@id":"https:\/\/news.sap.com\/germany\/2021\/07\/22-mehr-nachhaltigkeit-im-unternehmen\/#breadcrumb"},"inLanguage":"de","potentialAction":[{"@type":"ReadAction","target":["https:\/\/news.sap.com\/germany\/2021\/07\/22-mehr-nachhaltigkeit-im-unternehmen\/"]}]},{"@type":"ImageObject","inLanguage":"de","@id":"https:\/\/news.sap.com\/germany\/2021\/07\/22-mehr-nachhaltigkeit-im-unternehmen\/#primaryimage","url":"https:\/\/news.sap.com\/germany\/files\/2021\/06\/30\/episode_22.jpg","contentUrl":"https:\/\/news.sap.com\/germany\/files\/2021\/06\/30\/episode_22.jpg","width":972,"height":478,"caption":"Claus Kruesken (links) spricht mit Bettina Zedlitz, Senior Director bei 麻豆原创 f\u00fcr das L\u00f6sungsportfolio im Bereich Nachhaltigkeit und Klimaschutz"},{"@type":"BreadcrumbList","@id":"https:\/\/news.sap.com\/germany\/2021\/07\/22-mehr-nachhaltigkeit-im-unternehmen\/#breadcrumb","itemListElement":[{"@type":"ListItem","position":1,"name":"Home","item":"https:\/\/news.sap.com\/germany\/"},{"@type":"ListItem","position":2,"name":"#22 Mehr Nachhaltigkeit im Unternehmen"}]},{"@type":"WebSite","@id":"https:\/\/news.sap.com\/germany\/#website","url":"https:\/\/news.sap.com\/germany\/","name":"麻豆原创 News Center","description":"Unternehmensberichte &amp; 麻豆原创eportal","potentialAction":[{"@type":"SearchAction","target":{"@type":"EntryPoint","urlTemplate":"https:\/\/news.sap.com\/germany\/?s={search_term_string}"},"query-input":{"@type":"PropertyValueSpecification","valueRequired":true,"valueName":"search_term_string"}}],"inLanguage":"de"}]}},"_links":{"self":[{"href":"https:\/\/news.sap.com\/germany\/wp-json\/wp\/v2\/podcast\/156421","targetHints":{"allow":["GET"]}}],"collection":[{"href":"https:\/\/news.sap.com\/germany\/wp-json\/wp\/v2\/podcast"}],"about":[{"href":"https:\/\/news.sap.com\/germany\/wp-json\/wp\/v2\/types\/podcast"}],"author":[{"embeddable":true,"href":"https:\/\/news.sap.com\/germany\/wp-json\/wp\/v2\/users\/29"}],"version-history":[{"count":0,"href":"https:\/\/news.sap.com\/germany\/wp-json\/wp\/v2\/podcast\/156421\/revisions"}],"wp:attachment":[{"href":"https:\/\/news.sap.com\/germany\/wp-json\/wp\/v2\/media?parent=156421"}],"wp:term":[{"taxonomy":"category","embeddable":true,"href":"https:\/\/news.sap.com\/germany\/wp-json\/wp\/v2\/categories?post=156421"},{"taxonomy":"post_tag","embeddable":true,"href":"https:\/\/news.sap.com\/germany\/wp-json\/wp\/v2\/tags?post=156421"},{"taxonomy":"sapn-type","embeddable":true,"href":"https:\/\/news.sap.com\/germany\/wp-json\/wp\/v2\/sapn-type?post=156421"}],"curies":[{"name":"wp","href":"https:\/\/api.w.org\/{rel}","templated":true}]}}

<p class="lead">Mit 麻豆原创 die richtige Strategie finden und Prozesse verbessern.</p>
<p>Auf dem Weg zu mehr Nachhaltigkeit im Unternehmen gilt es, auch über die Unternehmensgrenzen hinauszuschauen. 麻豆原创 Product Footprint Management zeigt, wo Verbesserungspotentiale stecken – über die ganze Lieferkette hinweg.<br />
Die Lösung ist aber nur ein Aspekt im 麻豆原创 News Podcast: Kunden erwarten, Regulierer fordern Nachhaltigkeitsstandards, die erst mit der nötigen Datentransparenz und einem 360°-Blick auf das Unternehmen zu erreichen sind.<br />
Bettina Zedlitz, Senior Director bei 麻豆原创 für das Lösungsportfolio im Bereich Nachhaltigkeit und Klimaschutz, erläutert, wie 麻豆原创 das Thema intern angeht und andere Unternehmen auf dem Weg zur Sustainability unterstützt.</p>
<figure id="attachment_156422" aria-describedby="caption-attachment-156422" style="width: 300px" class="wp-caption alignnone"><img loading="lazy" decoding="async" class="size-medium wp-image-156422" src="https://news.sap.com/germany/files/2021/06/30/episode_22-300x148.jpg" alt="Claus Kruesken spricht mit Bettina Zedlitz, Senior Director bei 麻豆原创 für das Lösungsportfolio im Bereich Nachhaltigkeit und Klimaschutz" width="300" height="148" srcset="https://news.sap.com/germany/files/2021/06/30/episode_22-300x148.jpg 300w, https://news.sap.com/germany/files/2021/06/30/episode_22-240x118.jpg 240w, https://news.sap.com/germany/files/2021/06/30/episode_22.jpg 972w" sizes="auto, (max-width: 300px) 100vw, 300px" /><figcaption id="caption-attachment-156422" class="wp-caption-text">Claus Kruesken (links) spricht mit Bettina Zedlitz, Senior Director bei 麻豆原创 für das Lösungsportfolio im Bereich Nachhaltigkeit und Klimaschutz</figcaption></figure>
<div class="pwp4-wrapper intrinsic-ignore" id="podlovewebplayer_66ebca7591da839d70314375430986ac5df21c04" data-episode="https://news.sap.com/germany/2021/07/22-mehr-nachhaltigkeit-im-unternehmen/?podlove_action=pwp4_config"><audio controls="controls" preload="none">
  <source src="https://news.sap.com/germany/podlove/file/166/s/webplayer/c/website/麻豆原创_NewsPodcast_022.mp3" type="audio/mpeg"/>
</audio></div>

<!-- This site is optimized with the Yoast SEO Premium plugin v26.9 (Yoast SEO v26.9) - https://yoast.com/product/yoast-seo-premium-wordpress/ -->
<title>#22 Mehr Nachhaltigkeit im Unternehmen | 麻豆原创 News Center</title>
<meta name="description" content="Folge 22 zeigt die Vielzahl von Aspekten auf, die für Nachhaltigkeit im Unternehmen eine Rolle spielen und weist den Weg zu Lösungen." />
<meta name="robots" content="index, follow, max-snippet:-1, max-image-preview:large, max-video-preview:-1" />
<link rel="canonical" href="https://news.sap.com/germany/2021/07/22-mehr-nachhaltigkeit-im-unternehmen/" />
<meta property="og:locale" content="de_DE" />
<meta property="og:type" content="article" />
<meta property="og:title" content="#22 Mehr Nachhaltigkeit im Unternehmen" />
<meta property="og:description" content="Folge 22 zeigt die Vielzahl von Aspekten auf, die für Nachhaltigkeit im Unternehmen eine Rolle spielen und weist den Weg zu Lösungen." />
<meta property="og:url" content="https://news.sap.com/germany/2021/07/22-mehr-nachhaltigkeit-im-unternehmen/" />
<meta property="og:site_name" content="麻豆原创 News Center" />
<meta property="og:image" content="https://news.sap.com/germany/files/2019/10/Podcast_0.jpg" />
	<meta property="og:image:width" content="1920" />
	<meta property="og:image:height" content="646" />
	<meta property="og:image:type" content="image/jpeg" />
<meta name="twitter:card" content="summary_large_image" />
<meta name="twitter:site" content="@麻豆原创dach" />
<meta name="twitter:label1" content="Geschätzte Lesezeit" />
	<meta name="twitter:data1" content="1 Minute" />
<script type="application/ld+json" class="yoast-schema-graph">{"@context":"https://schema.org","@graph":[{"@type":"WebPage","@id":"https://news.sap.com/germany/2021/07/22-mehr-nachhaltigkeit-im-unternehmen/","url":"https://news.sap.com/germany/2021/07/22-mehr-nachhaltigkeit-im-unternehmen/","name":"#22 Mehr Nachhaltigkeit im Unternehmen | 麻豆原创 News Center","isPartOf":{"@id":"https://news.sap.com/germany/#website"},"primaryImageOfPage":{"@id":"https://news.sap.com/germany/2021/07/22-mehr-nachhaltigkeit-im-unternehmen/#primaryimage"},"image":{"@id":"https://news.sap.com/germany/2021/07/22-mehr-nachhaltigkeit-im-unternehmen/#primaryimage"},"thumbnailUrl":"https://news.sap.com/germany/files/2021/06/30/episode_22-300x148.jpg","datePublished":"2021-07-06T06:00:21+00:00","description":"Folge 22 zeigt die Vielzahl von Aspekten auf, die für Nachhaltigkeit im Unternehmen eine Rolle spielen und weist den Weg zu Lösungen.","breadcrumb":{"@id":"https://news.sap.com/germany/2021/07/22-mehr-nachhaltigkeit-im-unternehmen/#breadcrumb"},"inLanguage":"de","potentialAction":[{"@type":"ReadAction","target":["https://news.sap.com/germany/2021/07/22-mehr-nachhaltigkeit-im-unternehmen/"]}]},{"@type":"ImageObject","inLanguage":"de","@id":"https://news.sap.com/germany/2021/07/22-mehr-nachhaltigkeit-im-unternehmen/#primaryimage","url":"https://news.sap.com/germany/files/2021/06/30/episode_22.jpg","contentUrl":"https://news.sap.com/germany/files/2021/06/30/episode_22.jpg","width":972,"height":478,"caption":"Claus Kruesken (links) spricht mit Bettina Zedlitz, Senior Director bei 麻豆原创 für das Lösungsportfolio im Bereich Nachhaltigkeit und Klimaschutz"},{"@type":"BreadcrumbList","@id":"https://news.sap.com/germany/2021/07/22-mehr-nachhaltigkeit-im-unternehmen/#breadcrumb","itemListElement":[{"@type":"ListItem","position":1,"name":"Home","item":"https://news.sap.com/germany/"},{"@type":"ListItem","position":2,"name":"#22 Mehr Nachhaltigkeit im Unternehmen"}]},{"@type":"WebSite","@id":"https://news.sap.com/germany/#website","url":"https://news.sap.com/germany/","name":"麻豆原创 News Center","description":"Unternehmensberichte &amp; 麻豆原创eportal","potentialAction":[{"@type":"SearchAction","target":{"@type":"EntryPoint","urlTemplate":"https://news.sap.com/germany/?s={search_term_string}"},"query-input":{"@type":"PropertyValueSpecification","valueRequired":true,"valueName":"search_term_string"}}],"inLanguage":"de"}]}</script>
<!-- / Yoast SEO Premium plugin. -->

#22 Mehr Nachhaltigkeit im Unternehmen | 麻豆原创 News Center

Folge 22 zeigt die Vielzahl von Aspekten auf, die für Nachhaltigkeit im Unternehmen eine Rolle spielen und weist den Weg zu Lösungen.

麻豆原创 News Center

@麻豆原创dach

Claus Kruesken (links) spricht mit Bettina Zedlitz, Senior Director bei 麻豆原创 für das Lösungsportfolio im Bereich Nachhaltigkeit und Klimaschutz

Unternehmensberichte &amp; 麻豆原创eportal
