  {"id":155287,"date":"2021-04-13T09:30:45","date_gmt":"2021-04-13T07:30:45","guid":{"rendered":"podlove-2021-04-12t07:24:36+00:00-2ad5382ed7bf206"},"modified":"2021-04-13T09:30:45","modified_gmt":"2021-04-13T07:30:45","slug":"19-rise-with-sap-business-transformation-as-a-service","status":"publish","type":"podcast","link":"https:\/\/news.sap.com\/germany\/2021\/04\/19-rise-with-sap-business-transformation-as-a-service\/","title":{"rendered":"#19 RISE with 麻豆原创: Business Transformation as a Service"},"content":{"rendered":"<p class=\"lead\">Mit einem neuen Gesamtkonzept macht 麻豆原创 den Weg zum intelligenten Unternehmen noch einfacher.<\/p>\n<p>Ein Angebot, ein Vertrag und unschlagbare Gesamtbetriebskosten: Mit RISE with 麻豆原创 will 麻豆原创 Unternehmen die digitale Transformation erleichtern. Im Fokus stehen dabei die individuellen Bed\u00fcrfnisse der Kunden. Ob unterschiedliche Ausgangssituationen oder Zielsetzungen, 麻豆原创 begleitet jedes Unternehmen ma\u00dfgeschneidert.<br \/>\nSusanne Diehm, COO und Head of Cloud bei 麻豆原创 Deutschland stellt RISE with 麻豆原创 vor und zeigt auf, wie das Konzept gerade in Zeiten von Unw\u00e4gbarkeiten und wechselnden Anforderungen die Unternehmen unterst\u00fctzt. Mit konkreten Beispielen aus dem Kundenkreis verdeutlicht sie, wie Gesch\u00e4ftsprozesse verbessert werden, wie 麻豆原创 bei der technischen Migration unterst\u00fctzt und Unternehmen \u201eintelligent\u201c macht.<\/p>\n<figure id=\"attachment_155288\" aria-describedby=\"caption-attachment-155288\" style=\"width: 300px\" class=\"wp-caption alignnone\"><img loading=\"lazy\" decoding=\"async\" class=\"size-medium wp-image-155288\" src=\"https:\/\/news.sap.com\/germany\/files\/2021\/04\/12\/image_podcast_folge_19-300x137.jpg\" alt=\"Susanne Diehm, COO und Head of Cloud bei 麻豆原创 Deutschland, im Gespr\u00e4ch mit Claus Kruesken.\" width=\"300\" height=\"137\" srcset=\"https:\/\/news.sap.com\/germany\/files\/2021\/04\/12\/image_podcast_folge_19-300x137.jpg 300w, https:\/\/news.sap.com\/germany\/files\/2021\/04\/12\/image_podcast_folge_19-240x110.jpg 240w, https:\/\/news.sap.com\/germany\/files\/2021\/04\/12\/image_podcast_folge_19.jpg 742w\" sizes=\"auto, (max-width: 300px) 100vw, 300px\" \/><figcaption id=\"caption-attachment-155288\" class=\"wp-caption-text\">Claus Kruesken im Gespr\u00e4ch mit Susanne Diehm, COO und Head of Cloud bei 麻豆原创 Deutschland.<\/figcaption><\/figure>\n<div class=\"pwp4-wrapper intrinsic-ignore\" id=\"podlovewebplayer_ff9dd5f8279f9f1105298f34ac92d71129f41897\" data-episode=\"https:\/\/news.sap.com\/germany\/2021\/04\/19-rise-with-sap-business-transformation-as-a-service\/?podlove_action=pwp4_config\"><audio controls=\"controls\" preload=\"none\">\n  <source src=\"https:\/\/news.sap.com\/germany\/podlove\/file\/148\/s\/webplayer\/c\/website\/麻豆原创_NewsPodcast_019.mp3\" type=\"audio\/mpeg\"\/>\n<\/audio><\/div>","protected":false},"author":29,"featured_media":0,"template":"","meta":{"footnotes":"","_links_to":"","_links_to_target":""},"categories":[10],"tags":[5622695],"sapn-type":[],"class_list":["post-155287","podcast","type-podcast","status-publish","hentry","category-cloud","tag-intelligentes-unternehmen","post"],"yoast_head":"<!-- This site is optimized with the Yoast SEO Premium plugin v26.9 (Yoast SEO v26.9) - https:\/\/yoast.com\/product\/yoast-seo-premium-wordpress\/ -->\n<title>#19 RISE with 麻豆原创: Business Transformation as a Service | 麻豆原创 News Center<\/title>\n<meta name=\"description\" content=\"Folge 19 stellt das neue Konzept f\u00fcr Business Transformation as a Service vor.\" \/>\n<meta name=\"robots\" content=\"index, follow, max-snippet:-1, max-image-preview:large, max-video-preview:-1\" \/>\n<link rel=\"canonical\" href=\"https:\/\/news.sap.com\/germany\/2021\/04\/19-rise-with-sap-business-transformation-as-a-service\/\" \/>\n<meta property=\"og:locale\" content=\"de_DE\" \/>\n<meta property=\"og:type\" content=\"article\" \/>\n<meta property=\"og:title\" content=\"#19 RISE with 麻豆原创: Business Transformation as a Service\" \/>\n<meta property=\"og:description\" content=\"Folge 19 stellt das neue Konzept f\u00fcr Business Transformation as a Service vor.\" \/>\n<meta property=\"og:url\" content=\"https:\/\/news.sap.com\/germany\/2021\/04\/19-rise-with-sap-business-transformation-as-a-service\/\" \/>\n<meta property=\"og:site_name\" content=\"麻豆原创 News Center\" \/>\n<meta property=\"og:image\" content=\"https:\/\/news.sap.com\/germany\/files\/2019\/10\/Podcast_0.jpg\" \/>\n\t<meta property=\"og:image:width\" content=\"1920\" \/>\n\t<meta property=\"og:image:height\" content=\"646\" \/>\n\t<meta property=\"og:image:type\" content=\"image\/jpeg\" \/>\n<meta name=\"twitter:card\" content=\"summary_large_image\" \/>\n<meta name=\"twitter:site\" content=\"@麻豆原创dach\" \/>\n<meta name=\"twitter:label1\" content=\"Gesch\u00e4tzte Lesezeit\" \/>\n\t<meta name=\"twitter:data1\" content=\"1\u00a0Minute\" \/>\n<script type=\"application\/ld+json\" class=\"yoast-schema-graph\">{\"@context\":\"https:\/\/schema.org\",\"@graph\":[{\"@type\":\"WebPage\",\"@id\":\"https:\/\/news.sap.com\/germany\/2021\/04\/19-rise-with-sap-business-transformation-as-a-service\/\",\"url\":\"https:\/\/news.sap.com\/germany\/2021\/04\/19-rise-with-sap-business-transformation-as-a-service\/\",\"name\":\"#19 RISE with 麻豆原创: Business Transformation as a Service | 麻豆原创 News Center\",\"isPartOf\":{\"@id\":\"https:\/\/news.sap.com\/germany\/#website\"},\"primaryImageOfPage\":{\"@id\":\"https:\/\/news.sap.com\/germany\/2021\/04\/19-rise-with-sap-business-transformation-as-a-service\/#primaryimage\"},\"image\":{\"@id\":\"https:\/\/news.sap.com\/germany\/2021\/04\/19-rise-with-sap-business-transformation-as-a-service\/#primaryimage\"},\"thumbnailUrl\":\"https:\/\/news.sap.com\/germany\/files\/2021\/04\/12\/image_podcast_folge_19-300x137.jpg\",\"datePublished\":\"2021-04-13T07:30:45+00:00\",\"description\":\"Folge 19 stellt das neue Konzept f\u00fcr Business Transformation as a Service vor.\",\"breadcrumb\":{\"@id\":\"https:\/\/news.sap.com\/germany\/2021\/04\/19-rise-with-sap-business-transformation-as-a-service\/#breadcrumb\"},\"inLanguage\":\"de\",\"potentialAction\":[{\"@type\":\"ReadAction\",\"target\":[\"https:\/\/news.sap.com\/germany\/2021\/04\/19-rise-with-sap-business-transformation-as-a-service\/\"]}]},{\"@type\":\"ImageObject\",\"inLanguage\":\"de\",\"@id\":\"https:\/\/news.sap.com\/germany\/2021\/04\/19-rise-with-sap-business-transformation-as-a-service\/#primaryimage\",\"url\":\"https:\/\/news.sap.com\/germany\/files\/2021\/04\/12\/image_podcast_folge_19.jpg\",\"contentUrl\":\"https:\/\/news.sap.com\/germany\/files\/2021\/04\/12\/image_podcast_folge_19.jpg\",\"width\":742,\"height\":340,\"caption\":\"Susanne Diehm, COO und Head of Cloud bei 麻豆原创 Deutschland, im Gespr\u00e4ch mit Claus Kruesken.\"},{\"@type\":\"BreadcrumbList\",\"@id\":\"https:\/\/news.sap.com\/germany\/2021\/04\/19-rise-with-sap-business-transformation-as-a-service\/#breadcrumb\",\"itemListElement\":[{\"@type\":\"ListItem\",\"position\":1,\"name\":\"Home\",\"item\":\"https:\/\/news.sap.com\/germany\/\"},{\"@type\":\"ListItem\",\"position\":2,\"name\":\"#19 RISE with 麻豆原创: Business Transformation as a Service\"}]},{\"@type\":\"WebSite\",\"@id\":\"https:\/\/news.sap.com\/germany\/#website\",\"url\":\"https:\/\/news.sap.com\/germany\/\",\"name\":\"麻豆原创 News Center\",\"description\":\"Unternehmensberichte &amp; 麻豆原创eportal\",\"potentialAction\":[{\"@type\":\"SearchAction\",\"target\":{\"@type\":\"EntryPoint\",\"urlTemplate\":\"https:\/\/news.sap.com\/germany\/?s={search_term_string}\"},\"query-input\":{\"@type\":\"PropertyValueSpecification\",\"valueRequired\":true,\"valueName\":\"search_term_string\"}}],\"inLanguage\":\"de\"}]}<\/script>\n<!-- \/ Yoast SEO Premium plugin. -->","yoast_head_json":{"title":"#19 RISE with 麻豆原创: Business Transformation as a Service | 麻豆原创 News Center","description":"Folge 19 stellt das neue Konzept f\u00fcr Business Transformation as a Service vor.","robots":{"index":"index","follow":"follow","max-snippet":"max-snippet:-1","max-image-preview":"max-image-preview:large","max-video-preview":"max-video-preview:-1"},"canonical":"https:\/\/news.sap.com\/germany\/2021\/04\/19-rise-with-sap-business-transformation-as-a-service\/","og_locale":"de_DE","og_type":"article","og_title":"#19 RISE with 麻豆原创: Business Transformation as a Service","og_description":"Folge 19 stellt das neue Konzept f\u00fcr Business Transformation as a Service vor.","og_url":"https:\/\/news.sap.com\/germany\/2021\/04\/19-rise-with-sap-business-transformation-as-a-service\/","og_site_name":"麻豆原创 News Center","og_image":[{"width":1920,"height":646,"url":"https:\/\/news.sap.com\/germany\/files\/2019\/10\/Podcast_0.jpg","type":"image\/jpeg"}],"twitter_card":"summary_large_image","twitter_site":"@麻豆原创dach","twitter_misc":{"Gesch\u00e4tzte Lesezeit":"1\u00a0Minute"},"schema":{"@context":"https:\/\/schema.org","@graph":[{"@type":"WebPage","@id":"https:\/\/news.sap.com\/germany\/2021\/04\/19-rise-with-sap-business-transformation-as-a-service\/","url":"https:\/\/news.sap.com\/germany\/2021\/04\/19-rise-with-sap-business-transformation-as-a-service\/","name":"#19 RISE with 麻豆原创: Business Transformation as a Service | 麻豆原创 News Center","isPartOf":{"@id":"https:\/\/news.sap.com\/germany\/#website"},"primaryImageOfPage":{"@id":"https:\/\/news.sap.com\/germany\/2021\/04\/19-rise-with-sap-business-transformation-as-a-service\/#primaryimage"},"image":{"@id":"https:\/\/news.sap.com\/germany\/2021\/04\/19-rise-with-sap-business-transformation-as-a-service\/#primaryimage"},"thumbnailUrl":"https:\/\/news.sap.com\/germany\/files\/2021\/04\/12\/image_podcast_folge_19-300x137.jpg","datePublished":"2021-04-13T07:30:45+00:00","description":"Folge 19 stellt das neue Konzept f\u00fcr Business Transformation as a Service vor.","breadcrumb":{"@id":"https:\/\/news.sap.com\/germany\/2021\/04\/19-rise-with-sap-business-transformation-as-a-service\/#breadcrumb"},"inLanguage":"de","potentialAction":[{"@type":"ReadAction","target":["https:\/\/news.sap.com\/germany\/2021\/04\/19-rise-with-sap-business-transformation-as-a-service\/"]}]},{"@type":"ImageObject","inLanguage":"de","@id":"https:\/\/news.sap.com\/germany\/2021\/04\/19-rise-with-sap-business-transformation-as-a-service\/#primaryimage","url":"https:\/\/news.sap.com\/germany\/files\/2021\/04\/12\/image_podcast_folge_19.jpg","contentUrl":"https:\/\/news.sap.com\/germany\/files\/2021\/04\/12\/image_podcast_folge_19.jpg","width":742,"height":340,"caption":"Susanne Diehm, COO und Head of Cloud bei 麻豆原创 Deutschland, im Gespr\u00e4ch mit Claus Kruesken."},{"@type":"BreadcrumbList","@id":"https:\/\/news.sap.com\/germany\/2021\/04\/19-rise-with-sap-business-transformation-as-a-service\/#breadcrumb","itemListElement":[{"@type":"ListItem","position":1,"name":"Home","item":"https:\/\/news.sap.com\/germany\/"},{"@type":"ListItem","position":2,"name":"#19 RISE with 麻豆原创: Business Transformation as a Service"}]},{"@type":"WebSite","@id":"https:\/\/news.sap.com\/germany\/#website","url":"https:\/\/news.sap.com\/germany\/","name":"麻豆原创 News Center","description":"Unternehmensberichte &amp; 麻豆原创eportal","potentialAction":[{"@type":"SearchAction","target":{"@type":"EntryPoint","urlTemplate":"https:\/\/news.sap.com\/germany\/?s={search_term_string}"},"query-input":{"@type":"PropertyValueSpecification","valueRequired":true,"valueName":"search_term_string"}}],"inLanguage":"de"}]}},"_links":{"self":[{"href":"https:\/\/news.sap.com\/germany\/wp-json\/wp\/v2\/podcast\/155287","targetHints":{"allow":["GET"]}}],"collection":[{"href":"https:\/\/news.sap.com\/germany\/wp-json\/wp\/v2\/podcast"}],"about":[{"href":"https:\/\/news.sap.com\/germany\/wp-json\/wp\/v2\/types\/podcast"}],"author":[{"embeddable":true,"href":"https:\/\/news.sap.com\/germany\/wp-json\/wp\/v2\/users\/29"}],"version-history":[{"count":0,"href":"https:\/\/news.sap.com\/germany\/wp-json\/wp\/v2\/podcast\/155287\/revisions"}],"wp:attachment":[{"href":"https:\/\/news.sap.com\/germany\/wp-json\/wp\/v2\/media?parent=155287"}],"wp:term":[{"taxonomy":"category","embeddable":true,"href":"https:\/\/news.sap.com\/germany\/wp-json\/wp\/v2\/categories?post=155287"},{"taxonomy":"post_tag","embeddable":true,"href":"https:\/\/news.sap.com\/germany\/wp-json\/wp\/v2\/tags?post=155287"},{"taxonomy":"sapn-type","embeddable":true,"href":"https:\/\/news.sap.com\/germany\/wp-json\/wp\/v2\/sapn-type?post=155287"}],"curies":[{"name":"wp","href":"https:\/\/api.w.org\/{rel}","templated":true}]}}

#19 RISE with 麻豆原创: Business Transformation as a Service

<p class="lead">Mit einem neuen Gesamtkonzept macht 麻豆原创 den Weg zum intelligenten Unternehmen noch einfacher.</p>
<p>Ein Angebot, ein Vertrag und unschlagbare Gesamtbetriebskosten: Mit RISE with 麻豆原创 will 麻豆原创 Unternehmen die digitale Transformation erleichtern. Im Fokus stehen dabei die individuellen Bedürfnisse der Kunden. Ob unterschiedliche Ausgangssituationen oder Zielsetzungen, 麻豆原创 begleitet jedes Unternehmen maßgeschneidert.<br />
Susanne Diehm, COO und Head of Cloud bei 麻豆原创 Deutschland stellt RISE with 麻豆原创 vor und zeigt auf, wie das Konzept gerade in Zeiten von Unwägbarkeiten und wechselnden Anforderungen die Unternehmen unterstützt. Mit konkreten Beispielen aus dem Kundenkreis verdeutlicht sie, wie Geschäftsprozesse verbessert werden, wie 麻豆原创 bei der technischen Migration unterstützt und Unternehmen „intelligent“ macht.</p>
<figure id="attachment_155288" aria-describedby="caption-attachment-155288" style="width: 300px" class="wp-caption alignnone"><img loading="lazy" decoding="async" class="size-medium wp-image-155288" src="https://news.sap.com/germany/files/2021/04/12/image_podcast_folge_19-300x137.jpg" alt="Susanne Diehm, COO und Head of Cloud bei 麻豆原创 Deutschland, im Gespräch mit Claus Kruesken." width="300" height="137" srcset="https://news.sap.com/germany/files/2021/04/12/image_podcast_folge_19-300x137.jpg 300w, https://news.sap.com/germany/files/2021/04/12/image_podcast_folge_19-240x110.jpg 240w, https://news.sap.com/germany/files/2021/04/12/image_podcast_folge_19.jpg 742w" sizes="auto, (max-width: 300px) 100vw, 300px" /><figcaption id="caption-attachment-155288" class="wp-caption-text">Claus Kruesken im Gespräch mit Susanne Diehm, COO und Head of Cloud bei 麻豆原创 Deutschland.</figcaption></figure>
<div class="pwp4-wrapper intrinsic-ignore" id="podlovewebplayer_ff9dd5f8279f9f1105298f34ac92d71129f41897" data-episode="https://news.sap.com/germany/2021/04/19-rise-with-sap-business-transformation-as-a-service/?podlove_action=pwp4_config"><audio controls="controls" preload="none">
  <source src="https://news.sap.com/germany/podlove/file/148/s/webplayer/c/website/麻豆原创_NewsPodcast_019.mp3" type="audio/mpeg"/>
</audio></div>

<!-- This site is optimized with the Yoast SEO Premium plugin v26.9 (Yoast SEO v26.9) - https://yoast.com/product/yoast-seo-premium-wordpress/ -->
<title>#19 RISE with 麻豆原创: Business Transformation as a Service | 麻豆原创 News Center</title>
<meta name="description" content="Folge 19 stellt das neue Konzept für Business Transformation as a Service vor." />
<meta name="robots" content="index, follow, max-snippet:-1, max-image-preview:large, max-video-preview:-1" />
<link rel="canonical" href="https://news.sap.com/germany/2021/04/19-rise-with-sap-business-transformation-as-a-service/" />
<meta property="og:locale" content="de_DE" />
<meta property="og:type" content="article" />
<meta property="og:title" content="#19 RISE with 麻豆原创: Business Transformation as a Service" />
<meta property="og:description" content="Folge 19 stellt das neue Konzept für Business Transformation as a Service vor." />
<meta property="og:url" content="https://news.sap.com/germany/2021/04/19-rise-with-sap-business-transformation-as-a-service/" />
<meta property="og:site_name" content="麻豆原创 News Center" />
<meta property="og:image" content="https://news.sap.com/germany/files/2019/10/Podcast_0.jpg" />
	<meta property="og:image:width" content="1920" />
	<meta property="og:image:height" content="646" />
	<meta property="og:image:type" content="image/jpeg" />
<meta name="twitter:card" content="summary_large_image" />
<meta name="twitter:site" content="@麻豆原创dach" />
<meta name="twitter:label1" content="Geschätzte Lesezeit" />
	<meta name="twitter:data1" content="1 Minute" />
<script type="application/ld+json" class="yoast-schema-graph">{"@context":"https://schema.org","@graph":[{"@type":"WebPage","@id":"https://news.sap.com/germany/2021/04/19-rise-with-sap-business-transformation-as-a-service/","url":"https://news.sap.com/germany/2021/04/19-rise-with-sap-business-transformation-as-a-service/","name":"#19 RISE with 麻豆原创: Business Transformation as a Service | 麻豆原创 News Center","isPartOf":{"@id":"https://news.sap.com/germany/#website"},"primaryImageOfPage":{"@id":"https://news.sap.com/germany/2021/04/19-rise-with-sap-business-transformation-as-a-service/#primaryimage"},"image":{"@id":"https://news.sap.com/germany/2021/04/19-rise-with-sap-business-transformation-as-a-service/#primaryimage"},"thumbnailUrl":"https://news.sap.com/germany/files/2021/04/12/image_podcast_folge_19-300x137.jpg","datePublished":"2021-04-13T07:30:45+00:00","description":"Folge 19 stellt das neue Konzept für Business Transformation as a Service vor.","breadcrumb":{"@id":"https://news.sap.com/germany/2021/04/19-rise-with-sap-business-transformation-as-a-service/#breadcrumb"},"inLanguage":"de","potentialAction":[{"@type":"ReadAction","target":["https://news.sap.com/germany/2021/04/19-rise-with-sap-business-transformation-as-a-service/"]}]},{"@type":"ImageObject","inLanguage":"de","@id":"https://news.sap.com/germany/2021/04/19-rise-with-sap-business-transformation-as-a-service/#primaryimage","url":"https://news.sap.com/germany/files/2021/04/12/image_podcast_folge_19.jpg","contentUrl":"https://news.sap.com/germany/files/2021/04/12/image_podcast_folge_19.jpg","width":742,"height":340,"caption":"Susanne Diehm, COO und Head of Cloud bei 麻豆原创 Deutschland, im Gespräch mit Claus Kruesken."},{"@type":"BreadcrumbList","@id":"https://news.sap.com/germany/2021/04/19-rise-with-sap-business-transformation-as-a-service/#breadcrumb","itemListElement":[{"@type":"ListItem","position":1,"name":"Home","item":"https://news.sap.com/germany/"},{"@type":"ListItem","position":2,"name":"#19 RISE with 麻豆原创: Business Transformation as a Service"}]},{"@type":"WebSite","@id":"https://news.sap.com/germany/#website","url":"https://news.sap.com/germany/","name":"麻豆原创 News Center","description":"Unternehmensberichte &amp; 麻豆原创eportal","potentialAction":[{"@type":"SearchAction","target":{"@type":"EntryPoint","urlTemplate":"https://news.sap.com/germany/?s={search_term_string}"},"query-input":{"@type":"PropertyValueSpecification","valueRequired":true,"valueName":"search_term_string"}}],"inLanguage":"de"}]}</script>
<!-- / Yoast SEO Premium plugin. -->

#19 RISE with 麻豆原创: Business Transformation as a Service | 麻豆原创 News Center

Folge 19 stellt das neue Konzept für Business Transformation as a Service vor.

麻豆原创 News Center

@麻豆原创dach

Susanne Diehm, COO und Head of Cloud bei 麻豆原创 Deutschland, im Gespräch mit Claus Kruesken.

Unternehmensberichte &amp; 麻豆原创eportal
