  {"id":153014,"date":"2020-11-10T09:00:00","date_gmt":"2020-11-10T08:00:00","guid":{"rendered":"podlove-2020-11-09t12:18:13+00:00-0b6cac571438a47"},"modified":"2023-03-09T14:50:56","modified_gmt":"2023-03-09T13:50:56","slug":"13-die-it-einer-branche-im-aufwind-der-handel-geht-gestaerkt-in-die-zukunft","status":"publish","type":"podcast","link":"https:\/\/news.sap.com\/germany\/2020\/11\/13-die-it-einer-branche-im-aufwind-der-handel-geht-gestaerkt-in-die-zukunft\/","title":{"rendered":"#13 Die IT einer Branche im Aufwind: Der Handel geht gest\u00e4rkt in die Zukunft"},"content":{"rendered":"<p class=\"lead\"><strong>Von Corona nicht ausgebremst &#8211; die digitale Transformation greift auch im Handel.<\/strong><\/p>\n<p>Die aktuelle Krise zwang den Handel zur Aktion. In den als systemrelevant eingestuften Teilen der Branche hat die IT schnell auf die neuen Herausforderungen reagiert und ihre eigene Rolle in den Unternehmen gest\u00e4rkt. Aber auch ohne den Druck durch die Krise ist die digitale Transformation der Weg zu neuen Ideen im Handel.<br \/>\nProf. Dr. Reinhard Sch\u00fctte vom Lehrstuhl f\u00fcr Wirtschaftsinformatik und integrierte Informationssysteme an der Universit\u00e4t Duisburg-Essen hat den \u00dcberblick \u00fcber die verschiedenen Handelsbranchen und zeigt im Gespr\u00e4ch Innovationspotenziale und erste bahnbrechende Ideen auf.<\/p>\n<p><a href=\"https:\/\/news.sap.com\/germany\/files\/2020\/11\/Foto_Aufnahme_Retail_Podcast.jpg\" target=\"_blank\" rel=\"noopener noreferrer\"><img loading=\"lazy\" decoding=\"async\" class=\"wp-image-153017 alignleft\" src=\"https:\/\/news.sap.com\/germany\/files\/2020\/11\/Foto_Aufnahme_Retail_Podcast.jpg\" alt=\"\" width=\"283\" height=\"212\" srcset=\"https:\/\/news.sap.com\/germany\/files\/2020\/11\/Foto_Aufnahme_Retail_Podcast.jpg 2454w, https:\/\/news.sap.com\/germany\/files\/2020\/11\/Foto_Aufnahme_Retail_Podcast-300x225.jpg 300w, https:\/\/news.sap.com\/germany\/files\/2020\/11\/Foto_Aufnahme_Retail_Podcast-1024x768.jpg 1024w, https:\/\/news.sap.com\/germany\/files\/2020\/11\/Foto_Aufnahme_Retail_Podcast-200x150.jpg 200w, https:\/\/news.sap.com\/germany\/files\/2020\/11\/Foto_Aufnahme_Retail_Podcast-1536x1152.jpg 1536w, https:\/\/news.sap.com\/germany\/files\/2020\/11\/Foto_Aufnahme_Retail_Podcast-2048x1536.jpg 2048w\" sizes=\"auto, (max-width: 283px) 100vw, 283px\" \/><\/a><\/p>\n<p>&nbsp;<\/p>\n<div class=\"pwp4-wrapper intrinsic-ignore\" id=\"podlovewebplayer_70fa3d04fcfab349de4664b7e2e081cb37212fac\" data-episode=\"https:\/\/news.sap.com\/germany\/2020\/11\/13-die-it-einer-branche-im-aufwind-der-handel-geht-gestaerkt-in-die-zukunft\/?podlove_action=pwp4_config\"><audio controls=\"controls\" preload=\"none\">\n  <source src=\"https:\/\/news.sap.com\/germany\/podlove\/file\/110\/s\/webplayer\/c\/website\/麻豆原创_NewsPodcast_013.mp3\" type=\"audio\/mpeg\"\/>\n<\/audio><\/div>","protected":false},"author":29,"featured_media":0,"template":"","meta":{"footnotes":"","_links_to":"","_links_to_target":""},"categories":[45271],"tags":[],"sapn-type":[],"class_list":["post-153014","podcast","type-podcast","status-publish","hentry","category-branchen","post"],"yoast_head":"<!-- This site is optimized with the Yoast SEO Premium plugin v26.9 (Yoast SEO v26.9) - https:\/\/yoast.com\/product\/yoast-seo-premium-wordpress\/ -->\n<title>#13 Die IT einer Branche im Aufwind: Der Handel geht gest\u00e4rkt in die Zukunft | 麻豆原创 News Center<\/title>\n<meta name=\"description\" content=\"Folge 13 des 麻豆原创 News Podcasts gibt Einblicke in verschiedene Handelsbranchen, ihren Umgang mit der Corona-Situation und ihre innovative Ideen f\u00fcr die Zukunft.\" \/>\n<meta name=\"robots\" content=\"index, follow, max-snippet:-1, max-image-preview:large, max-video-preview:-1\" \/>\n<link rel=\"canonical\" href=\"https:\/\/news.sap.com\/germany\/2020\/11\/13-die-it-einer-branche-im-aufwind-der-handel-geht-gestaerkt-in-die-zukunft\/\" \/>\n<meta property=\"og:locale\" content=\"de_DE\" \/>\n<meta property=\"og:type\" content=\"article\" \/>\n<meta property=\"og:title\" content=\"#13 Die IT einer Branche im Aufwind: Der Handel geht gest\u00e4rkt in die Zukunft\" \/>\n<meta property=\"og:description\" content=\"Folge 13 des 麻豆原创 News Podcasts gibt Einblicke in verschiedene Handelsbranchen, ihren Umgang mit der Corona-Situation und ihre innovative Ideen f\u00fcr die Zukunft.\" \/>\n<meta property=\"og:url\" content=\"https:\/\/news.sap.com\/germany\/2020\/11\/13-die-it-einer-branche-im-aufwind-der-handel-geht-gestaerkt-in-die-zukunft\/\" \/>\n<meta property=\"og:site_name\" content=\"麻豆原创 News Center\" \/>\n<meta property=\"article:modified_time\" content=\"2023-03-09T13:50:56+00:00\" \/>\n<meta property=\"og:image\" content=\"https:\/\/news.sap.com\/germany\/files\/2019\/10\/Podcast_0.jpg\" \/>\n\t<meta property=\"og:image:width\" content=\"1920\" \/>\n\t<meta property=\"og:image:height\" content=\"646\" \/>\n\t<meta property=\"og:image:type\" content=\"image\/jpeg\" \/>\n<meta name=\"twitter:card\" content=\"summary_large_image\" \/>\n<meta name=\"twitter:site\" content=\"@麻豆原创dach\" \/>\n<meta name=\"twitter:label1\" content=\"Gesch\u00e4tzte Lesezeit\" \/>\n\t<meta name=\"twitter:data1\" content=\"1\u00a0Minute\" \/>\n<script type=\"application\/ld+json\" class=\"yoast-schema-graph\">{\"@context\":\"https:\/\/schema.org\",\"@graph\":[{\"@type\":\"WebPage\",\"@id\":\"https:\/\/news.sap.com\/germany\/2020\/11\/13-die-it-einer-branche-im-aufwind-der-handel-geht-gestaerkt-in-die-zukunft\/\",\"url\":\"https:\/\/news.sap.com\/germany\/2020\/11\/13-die-it-einer-branche-im-aufwind-der-handel-geht-gestaerkt-in-die-zukunft\/\",\"name\":\"#13 Die IT einer Branche im Aufwind: Der Handel geht gest\u00e4rkt in die Zukunft | 麻豆原创 News Center\",\"isPartOf\":{\"@id\":\"https:\/\/news.sap.com\/germany\/#website\"},\"primaryImageOfPage\":{\"@id\":\"https:\/\/news.sap.com\/germany\/2020\/11\/13-die-it-einer-branche-im-aufwind-der-handel-geht-gestaerkt-in-die-zukunft\/#primaryimage\"},\"image\":{\"@id\":\"https:\/\/news.sap.com\/germany\/2020\/11\/13-die-it-einer-branche-im-aufwind-der-handel-geht-gestaerkt-in-die-zukunft\/#primaryimage\"},\"thumbnailUrl\":\"https:\/\/news.sap.com\/germany\/files\/2020\/11\/Foto_Aufnahme_Retail_Podcast.jpg\",\"datePublished\":\"2020-11-10T08:00:00+00:00\",\"dateModified\":\"2023-03-09T13:50:56+00:00\",\"description\":\"Folge 13 des 麻豆原创 News Podcasts gibt Einblicke in verschiedene Handelsbranchen, ihren Umgang mit der Corona-Situation und ihre innovative Ideen f\u00fcr die Zukunft.\",\"breadcrumb\":{\"@id\":\"https:\/\/news.sap.com\/germany\/2020\/11\/13-die-it-einer-branche-im-aufwind-der-handel-geht-gestaerkt-in-die-zukunft\/#breadcrumb\"},\"inLanguage\":\"de\",\"potentialAction\":[{\"@type\":\"ReadAction\",\"target\":[\"https:\/\/news.sap.com\/germany\/2020\/11\/13-die-it-einer-branche-im-aufwind-der-handel-geht-gestaerkt-in-die-zukunft\/\"]}]},{\"@type\":\"ImageObject\",\"inLanguage\":\"de\",\"@id\":\"https:\/\/news.sap.com\/germany\/2020\/11\/13-die-it-einer-branche-im-aufwind-der-handel-geht-gestaerkt-in-die-zukunft\/#primaryimage\",\"url\":\"https:\/\/news.sap.com\/germany\/files\/2020\/11\/Foto_Aufnahme_Retail_Podcast.jpg\",\"contentUrl\":\"https:\/\/news.sap.com\/germany\/files\/2020\/11\/Foto_Aufnahme_Retail_Podcast.jpg\"},{\"@type\":\"BreadcrumbList\",\"@id\":\"https:\/\/news.sap.com\/germany\/2020\/11\/13-die-it-einer-branche-im-aufwind-der-handel-geht-gestaerkt-in-die-zukunft\/#breadcrumb\",\"itemListElement\":[{\"@type\":\"ListItem\",\"position\":1,\"name\":\"Home\",\"item\":\"https:\/\/news.sap.com\/germany\/\"},{\"@type\":\"ListItem\",\"position\":2,\"name\":\"#13 Die IT einer Branche im Aufwind: Der Handel geht gest\u00e4rkt in die Zukunft\"}]},{\"@type\":\"WebSite\",\"@id\":\"https:\/\/news.sap.com\/germany\/#website\",\"url\":\"https:\/\/news.sap.com\/germany\/\",\"name\":\"麻豆原创 News Center\",\"description\":\"Unternehmensberichte &amp; 麻豆原创eportal\",\"potentialAction\":[{\"@type\":\"SearchAction\",\"target\":{\"@type\":\"EntryPoint\",\"urlTemplate\":\"https:\/\/news.sap.com\/germany\/?s={search_term_string}\"},\"query-input\":{\"@type\":\"PropertyValueSpecification\",\"valueRequired\":true,\"valueName\":\"search_term_string\"}}],\"inLanguage\":\"de\"}]}<\/script>\n<!-- \/ Yoast SEO Premium plugin. -->","yoast_head_json":{"title":"#13 Die IT einer Branche im Aufwind: Der Handel geht gest\u00e4rkt in die Zukunft | 麻豆原创 News Center","description":"Folge 13 des 麻豆原创 News Podcasts gibt Einblicke in verschiedene Handelsbranchen, ihren Umgang mit der Corona-Situation und ihre innovative Ideen f\u00fcr die Zukunft.","robots":{"index":"index","follow":"follow","max-snippet":"max-snippet:-1","max-image-preview":"max-image-preview:large","max-video-preview":"max-video-preview:-1"},"canonical":"https:\/\/news.sap.com\/germany\/2020\/11\/13-die-it-einer-branche-im-aufwind-der-handel-geht-gestaerkt-in-die-zukunft\/","og_locale":"de_DE","og_type":"article","og_title":"#13 Die IT einer Branche im Aufwind: Der Handel geht gest\u00e4rkt in die Zukunft","og_description":"Folge 13 des 麻豆原创 News Podcasts gibt Einblicke in verschiedene Handelsbranchen, ihren Umgang mit der Corona-Situation und ihre innovative Ideen f\u00fcr die Zukunft.","og_url":"https:\/\/news.sap.com\/germany\/2020\/11\/13-die-it-einer-branche-im-aufwind-der-handel-geht-gestaerkt-in-die-zukunft\/","og_site_name":"麻豆原创 News Center","article_modified_time":"2023-03-09T13:50:56+00:00","og_image":[{"width":1920,"height":646,"url":"https:\/\/news.sap.com\/germany\/files\/2019\/10\/Podcast_0.jpg","type":"image\/jpeg"}],"twitter_card":"summary_large_image","twitter_site":"@麻豆原创dach","twitter_misc":{"Gesch\u00e4tzte Lesezeit":"1\u00a0Minute"},"schema":{"@context":"https:\/\/schema.org","@graph":[{"@type":"WebPage","@id":"https:\/\/news.sap.com\/germany\/2020\/11\/13-die-it-einer-branche-im-aufwind-der-handel-geht-gestaerkt-in-die-zukunft\/","url":"https:\/\/news.sap.com\/germany\/2020\/11\/13-die-it-einer-branche-im-aufwind-der-handel-geht-gestaerkt-in-die-zukunft\/","name":"#13 Die IT einer Branche im Aufwind: Der Handel geht gest\u00e4rkt in die Zukunft | 麻豆原创 News Center","isPartOf":{"@id":"https:\/\/news.sap.com\/germany\/#website"},"primaryImageOfPage":{"@id":"https:\/\/news.sap.com\/germany\/2020\/11\/13-die-it-einer-branche-im-aufwind-der-handel-geht-gestaerkt-in-die-zukunft\/#primaryimage"},"image":{"@id":"https:\/\/news.sap.com\/germany\/2020\/11\/13-die-it-einer-branche-im-aufwind-der-handel-geht-gestaerkt-in-die-zukunft\/#primaryimage"},"thumbnailUrl":"https:\/\/news.sap.com\/germany\/files\/2020\/11\/Foto_Aufnahme_Retail_Podcast.jpg","datePublished":"2020-11-10T08:00:00+00:00","dateModified":"2023-03-09T13:50:56+00:00","description":"Folge 13 des 麻豆原创 News Podcasts gibt Einblicke in verschiedene Handelsbranchen, ihren Umgang mit der Corona-Situation und ihre innovative Ideen f\u00fcr die Zukunft.","breadcrumb":{"@id":"https:\/\/news.sap.com\/germany\/2020\/11\/13-die-it-einer-branche-im-aufwind-der-handel-geht-gestaerkt-in-die-zukunft\/#breadcrumb"},"inLanguage":"de","potentialAction":[{"@type":"ReadAction","target":["https:\/\/news.sap.com\/germany\/2020\/11\/13-die-it-einer-branche-im-aufwind-der-handel-geht-gestaerkt-in-die-zukunft\/"]}]},{"@type":"ImageObject","inLanguage":"de","@id":"https:\/\/news.sap.com\/germany\/2020\/11\/13-die-it-einer-branche-im-aufwind-der-handel-geht-gestaerkt-in-die-zukunft\/#primaryimage","url":"https:\/\/news.sap.com\/germany\/files\/2020\/11\/Foto_Aufnahme_Retail_Podcast.jpg","contentUrl":"https:\/\/news.sap.com\/germany\/files\/2020\/11\/Foto_Aufnahme_Retail_Podcast.jpg"},{"@type":"BreadcrumbList","@id":"https:\/\/news.sap.com\/germany\/2020\/11\/13-die-it-einer-branche-im-aufwind-der-handel-geht-gestaerkt-in-die-zukunft\/#breadcrumb","itemListElement":[{"@type":"ListItem","position":1,"name":"Home","item":"https:\/\/news.sap.com\/germany\/"},{"@type":"ListItem","position":2,"name":"#13 Die IT einer Branche im Aufwind: Der Handel geht gest\u00e4rkt in die Zukunft"}]},{"@type":"WebSite","@id":"https:\/\/news.sap.com\/germany\/#website","url":"https:\/\/news.sap.com\/germany\/","name":"麻豆原创 News Center","description":"Unternehmensberichte &amp; 麻豆原创eportal","potentialAction":[{"@type":"SearchAction","target":{"@type":"EntryPoint","urlTemplate":"https:\/\/news.sap.com\/germany\/?s={search_term_string}"},"query-input":{"@type":"PropertyValueSpecification","valueRequired":true,"valueName":"search_term_string"}}],"inLanguage":"de"}]}},"_links":{"self":[{"href":"https:\/\/news.sap.com\/germany\/wp-json\/wp\/v2\/podcast\/153014","targetHints":{"allow":["GET"]}}],"collection":[{"href":"https:\/\/news.sap.com\/germany\/wp-json\/wp\/v2\/podcast"}],"about":[{"href":"https:\/\/news.sap.com\/germany\/wp-json\/wp\/v2\/types\/podcast"}],"author":[{"embeddable":true,"href":"https:\/\/news.sap.com\/germany\/wp-json\/wp\/v2\/users\/29"}],"version-history":[{"count":0,"href":"https:\/\/news.sap.com\/germany\/wp-json\/wp\/v2\/podcast\/153014\/revisions"}],"wp:attachment":[{"href":"https:\/\/news.sap.com\/germany\/wp-json\/wp\/v2\/media?parent=153014"}],"wp:term":[{"taxonomy":"category","embeddable":true,"href":"https:\/\/news.sap.com\/germany\/wp-json\/wp\/v2\/categories?post=153014"},{"taxonomy":"post_tag","embeddable":true,"href":"https:\/\/news.sap.com\/germany\/wp-json\/wp\/v2\/tags?post=153014"},{"taxonomy":"sapn-type","embeddable":true,"href":"https:\/\/news.sap.com\/germany\/wp-json\/wp\/v2\/sapn-type?post=153014"}],"curies":[{"name":"wp","href":"https:\/\/api.w.org\/{rel}","templated":true}]}}

#13 Die IT einer Branche im Aufwind: Der Handel geht gestärkt in die Zukunft

<p class="lead"><strong>Von Corona nicht ausgebremst &#8211; die digitale Transformation greift auch im Handel.</strong></p>
<p>Die aktuelle Krise zwang den Handel zur Aktion. In den als systemrelevant eingestuften Teilen der Branche hat die IT schnell auf die neuen Herausforderungen reagiert und ihre eigene Rolle in den Unternehmen gestärkt. Aber auch ohne den Druck durch die Krise ist die digitale Transformation der Weg zu neuen Ideen im Handel.<br />
Prof. Dr. Reinhard Schütte vom Lehrstuhl für Wirtschaftsinformatik und integrierte Informationssysteme an der Universität Duisburg-Essen hat den Überblick über die verschiedenen Handelsbranchen und zeigt im Gespräch Innovationspotenziale und erste bahnbrechende Ideen auf.</p>
<p><a href="https://news.sap.com/germany/files/2020/11/Foto_Aufnahme_Retail_Podcast.jpg" target="_blank" rel="noopener noreferrer"><img loading="lazy" decoding="async" class="wp-image-153017 alignleft" src="https://news.sap.com/germany/files/2020/11/Foto_Aufnahme_Retail_Podcast.jpg" alt="" width="283" height="212" srcset="https://news.sap.com/germany/files/2020/11/Foto_Aufnahme_Retail_Podcast.jpg 2454w, https://news.sap.com/germany/files/2020/11/Foto_Aufnahme_Retail_Podcast-300x225.jpg 300w, https://news.sap.com/germany/files/2020/11/Foto_Aufnahme_Retail_Podcast-1024x768.jpg 1024w, https://news.sap.com/germany/files/2020/11/Foto_Aufnahme_Retail_Podcast-200x150.jpg 200w, https://news.sap.com/germany/files/2020/11/Foto_Aufnahme_Retail_Podcast-1536x1152.jpg 1536w, https://news.sap.com/germany/files/2020/11/Foto_Aufnahme_Retail_Podcast-2048x1536.jpg 2048w" sizes="auto, (max-width: 283px) 100vw, 283px" /></a></p>
<p>&nbsp;</p>
<div class="pwp4-wrapper intrinsic-ignore" id="podlovewebplayer_70fa3d04fcfab349de4664b7e2e081cb37212fac" data-episode="https://news.sap.com/germany/2020/11/13-die-it-einer-branche-im-aufwind-der-handel-geht-gestaerkt-in-die-zukunft/?podlove_action=pwp4_config"><audio controls="controls" preload="none">
  <source src="https://news.sap.com/germany/podlove/file/110/s/webplayer/c/website/麻豆原创_NewsPodcast_013.mp3" type="audio/mpeg"/>
</audio></div>

<!-- This site is optimized with the Yoast SEO Premium plugin v26.9 (Yoast SEO v26.9) - https://yoast.com/product/yoast-seo-premium-wordpress/ -->
<title>#13 Die IT einer Branche im Aufwind: Der Handel geht gestärkt in die Zukunft | 麻豆原创 News Center</title>
<meta name="description" content="Folge 13 des 麻豆原创 News Podcasts gibt Einblicke in verschiedene Handelsbranchen, ihren Umgang mit der Corona-Situation und ihre innovative Ideen für die Zukunft." />
<meta name="robots" content="index, follow, max-snippet:-1, max-image-preview:large, max-video-preview:-1" />
<link rel="canonical" href="https://news.sap.com/germany/2020/11/13-die-it-einer-branche-im-aufwind-der-handel-geht-gestaerkt-in-die-zukunft/" />
<meta property="og:locale" content="de_DE" />
<meta property="og:type" content="article" />
<meta property="og:title" content="#13 Die IT einer Branche im Aufwind: Der Handel geht gestärkt in die Zukunft" />
<meta property="og:description" content="Folge 13 des 麻豆原创 News Podcasts gibt Einblicke in verschiedene Handelsbranchen, ihren Umgang mit der Corona-Situation und ihre innovative Ideen für die Zukunft." />
<meta property="og:url" content="https://news.sap.com/germany/2020/11/13-die-it-einer-branche-im-aufwind-der-handel-geht-gestaerkt-in-die-zukunft/" />
<meta property="og:site_name" content="麻豆原创 News Center" />
<meta property="article:modified_time" content="2023-03-09T13:50:56+00:00" />
<meta property="og:image" content="https://news.sap.com/germany/files/2019/10/Podcast_0.jpg" />
	<meta property="og:image:width" content="1920" />
	<meta property="og:image:height" content="646" />
	<meta property="og:image:type" content="image/jpeg" />
<meta name="twitter:card" content="summary_large_image" />
<meta name="twitter:site" content="@麻豆原创dach" />
<meta name="twitter:label1" content="Geschätzte Lesezeit" />
	<meta name="twitter:data1" content="1 Minute" />
<script type="application/ld+json" class="yoast-schema-graph">{"@context":"https://schema.org","@graph":[{"@type":"WebPage","@id":"https://news.sap.com/germany/2020/11/13-die-it-einer-branche-im-aufwind-der-handel-geht-gestaerkt-in-die-zukunft/","url":"https://news.sap.com/germany/2020/11/13-die-it-einer-branche-im-aufwind-der-handel-geht-gestaerkt-in-die-zukunft/","name":"#13 Die IT einer Branche im Aufwind: Der Handel geht gestärkt in die Zukunft | 麻豆原创 News Center","isPartOf":{"@id":"https://news.sap.com/germany/#website"},"primaryImageOfPage":{"@id":"https://news.sap.com/germany/2020/11/13-die-it-einer-branche-im-aufwind-der-handel-geht-gestaerkt-in-die-zukunft/#primaryimage"},"image":{"@id":"https://news.sap.com/germany/2020/11/13-die-it-einer-branche-im-aufwind-der-handel-geht-gestaerkt-in-die-zukunft/#primaryimage"},"thumbnailUrl":"https://news.sap.com/germany/files/2020/11/Foto_Aufnahme_Retail_Podcast.jpg","datePublished":"2020-11-10T08:00:00+00:00","dateModified":"2023-03-09T13:50:56+00:00","description":"Folge 13 des 麻豆原创 News Podcasts gibt Einblicke in verschiedene Handelsbranchen, ihren Umgang mit der Corona-Situation und ihre innovative Ideen für die Zukunft.","breadcrumb":{"@id":"https://news.sap.com/germany/2020/11/13-die-it-einer-branche-im-aufwind-der-handel-geht-gestaerkt-in-die-zukunft/#breadcrumb"},"inLanguage":"de","potentialAction":[{"@type":"ReadAction","target":["https://news.sap.com/germany/2020/11/13-die-it-einer-branche-im-aufwind-der-handel-geht-gestaerkt-in-die-zukunft/"]}]},{"@type":"ImageObject","inLanguage":"de","@id":"https://news.sap.com/germany/2020/11/13-die-it-einer-branche-im-aufwind-der-handel-geht-gestaerkt-in-die-zukunft/#primaryimage","url":"https://news.sap.com/germany/files/2020/11/Foto_Aufnahme_Retail_Podcast.jpg","contentUrl":"https://news.sap.com/germany/files/2020/11/Foto_Aufnahme_Retail_Podcast.jpg"},{"@type":"BreadcrumbList","@id":"https://news.sap.com/germany/2020/11/13-die-it-einer-branche-im-aufwind-der-handel-geht-gestaerkt-in-die-zukunft/#breadcrumb","itemListElement":[{"@type":"ListItem","position":1,"name":"Home","item":"https://news.sap.com/germany/"},{"@type":"ListItem","position":2,"name":"#13 Die IT einer Branche im Aufwind: Der Handel geht gestärkt in die Zukunft"}]},{"@type":"WebSite","@id":"https://news.sap.com/germany/#website","url":"https://news.sap.com/germany/","name":"麻豆原创 News Center","description":"Unternehmensberichte &amp; 麻豆原创eportal","potentialAction":[{"@type":"SearchAction","target":{"@type":"EntryPoint","urlTemplate":"https://news.sap.com/germany/?s={search_term_string}"},"query-input":{"@type":"PropertyValueSpecification","valueRequired":true,"valueName":"search_term_string"}}],"inLanguage":"de"}]}</script>
<!-- / Yoast SEO Premium plugin. -->

#13 Die IT einer Branche im Aufwind: Der Handel geht gestärkt in die Zukunft | 麻豆原创 News Center

Folge 13 des 麻豆原创 News Podcasts gibt Einblicke in verschiedene Handelsbranchen, ihren Umgang mit der Corona-Situation und ihre innovative Ideen für die Zukunft.

麻豆原创 News Center

@麻豆原创dach

Unternehmensberichte &amp; 麻豆原创eportal
