  {"id":147063,"date":"2020-01-14T08:00:56","date_gmt":"2020-01-14T07:00:56","guid":{"rendered":"podlove-2020-01-10t15:58:49+00:00-b23b023cb437d37"},"modified":"2020-09-18T14:24:53","modified_gmt":"2020-09-18T12:24:53","slug":"4-fuehrung-in-der-digitalen-transformation","status":"publish","type":"podcast","link":"https:\/\/news.sap.com\/germany\/2020\/01\/4-fuehrung-in-der-digitalen-transformation\/","title":{"rendered":"#4 F\u00fchrung in der Digitalen Transformation"},"content":{"rendered":"<p class=\"lead\"><strong>Leadership 2020: So macht es Daimler<\/strong><\/p>\n<p>\u201eDas Zeitalter des Und\u201c nennt es Christian Kugelmeier von VORSPRUNG@Work: Technologie und Menschen sind ebenb\u00fcrtige Faktoren auf dem Weg in die Digitalisierung. Allerdings spielt auf der menschlichen Seite F\u00fchrung die entscheidende Rolle: Auch die F\u00fchrungskultur eines Unternehmens muss sich ver\u00e4ndern, wenn man den neuen Aufgaben gewachsen sein will.<br \/>\nFrank Weber aus dem Aufsichtsrat der Daimler AG hat sich dem gestellt. Beide erl\u00e4utern im Gespr\u00e4ch mit Claus Kruesken ihre Erkenntnisse und Erfahrungen, die sie in diesem Prozess gewonnen haben. Sie k\u00f6nnen wegweisend f\u00fcr andere sein.<\/p>\n<figure id=\"attachment_147065\" aria-describedby=\"caption-attachment-147065\" style=\"width: 300px\" class=\"wp-caption alignnone\"><img loading=\"lazy\" decoding=\"async\" class=\"size-medium wp-image-147065\" src=\"https:\/\/news.sap.com\/germany\/files\/2020\/01\/Daimler_Podcast_Bild1-300x225.jpg\" alt=\"Claus Kruesken, Christian Kugelmeier und Frank Weber im 麻豆原创-Podcaststudio\" width=\"300\" height=\"225\" srcset=\"https:\/\/news.sap.com\/germany\/files\/2020\/01\/Daimler_Podcast_Bild1-300x225.jpg 300w, https:\/\/news.sap.com\/germany\/files\/2020\/01\/Daimler_Podcast_Bild1-1024x768.jpg 1024w, https:\/\/news.sap.com\/germany\/files\/2020\/01\/Daimler_Podcast_Bild1-200x150.jpg 200w, https:\/\/news.sap.com\/germany\/files\/2020\/01\/Daimler_Podcast_Bild1-1536x1152.jpg 1536w, https:\/\/news.sap.com\/germany\/files\/2020\/01\/Daimler_Podcast_Bild1.jpg 1604w\" sizes=\"auto, (max-width: 300px) 100vw, 300px\" \/><figcaption id=\"caption-attachment-147065\" class=\"wp-caption-text\">Claus Kruesken, Christian Kugelmeier und Frank Weber im 麻豆原创-Podcaststudio<\/figcaption><\/figure>\n<div class=\"pwp4-wrapper intrinsic-ignore\" id=\"podlovewebplayer_66032149444a016b7e90c745292eeff26f3e5dd5\" data-episode=\"https:\/\/news.sap.com\/germany\/2020\/01\/4-fuehrung-in-der-digitalen-transformation\/?podlove_action=pwp4_config\"><audio controls=\"controls\" preload=\"none\">\n  <source src=\"https:\/\/news.sap.com\/germany\/podlove\/file\/37\/s\/webplayer\/c\/website\/麻豆原创_NewsPodcast_004.mp3\" type=\"audio\/mpeg\"\/>\n<\/audio><\/div>","protected":false},"author":29,"featured_media":0,"template":"","meta":{"footnotes":"","_links_to":"","_links_to_target":""},"categories":[1],"tags":[60309],"sapn-type":[],"class_list":["post-147063","podcast","type-podcast","status-publish","hentry","category-allgemein","tag-digitalisierung","post"],"yoast_head":"<!-- This site is optimized with the Yoast SEO Premium plugin v26.9 (Yoast SEO v26.9) - https:\/\/yoast.com\/product\/yoast-seo-premium-wordpress\/ -->\n<title>#4 F\u00fchrung in der Digitalen Transformation | 麻豆原创 News Center<\/title>\n<meta name=\"description\" content=\"In der vierten Folge des 麻豆原创 News Podcast geht es um F\u00fchrung in der Digitalen Transformation am Beispiel der Daimler AG.\" \/>\n<meta name=\"robots\" content=\"index, follow, max-snippet:-1, max-image-preview:large, max-video-preview:-1\" \/>\n<link rel=\"canonical\" href=\"https:\/\/news.sap.com\/germany\/2020\/01\/4-fuehrung-in-der-digitalen-transformation\/\" \/>\n<meta property=\"og:locale\" content=\"de_DE\" \/>\n<meta property=\"og:type\" content=\"article\" \/>\n<meta property=\"og:title\" content=\"#4 F\u00fchrung in der Digitalen Transformation\" \/>\n<meta property=\"og:description\" content=\"In der vierten Folge des 麻豆原创 News Podcast geht es um F\u00fchrung in der Digitalen Transformation am Beispiel der Daimler AG.\" \/>\n<meta property=\"og:url\" content=\"https:\/\/news.sap.com\/germany\/2020\/01\/4-fuehrung-in-der-digitalen-transformation\/\" \/>\n<meta property=\"og:site_name\" content=\"麻豆原创 News Center\" \/>\n<meta property=\"article:modified_time\" content=\"2020-09-18T12:24:53+00:00\" \/>\n<meta property=\"og:image\" content=\"https:\/\/news.sap.com\/germany\/files\/2019\/10\/Podcast_0.jpg\" \/>\n\t<meta property=\"og:image:width\" content=\"1920\" \/>\n\t<meta property=\"og:image:height\" content=\"646\" \/>\n\t<meta property=\"og:image:type\" content=\"image\/jpeg\" \/>\n<meta name=\"twitter:card\" content=\"summary_large_image\" \/>\n<meta name=\"twitter:site\" content=\"@麻豆原创dach\" \/>\n<meta name=\"twitter:label1\" content=\"Gesch\u00e4tzte Lesezeit\" \/>\n\t<meta name=\"twitter:data1\" content=\"1\u00a0Minute\" \/>\n<script type=\"application\/ld+json\" class=\"yoast-schema-graph\">{\"@context\":\"https:\/\/schema.org\",\"@graph\":[{\"@type\":\"WebPage\",\"@id\":\"https:\/\/news.sap.com\/germany\/2020\/01\/4-fuehrung-in-der-digitalen-transformation\/\",\"url\":\"https:\/\/news.sap.com\/germany\/2020\/01\/4-fuehrung-in-der-digitalen-transformation\/\",\"name\":\"#4 F\u00fchrung in der Digitalen Transformation | 麻豆原创 News Center\",\"isPartOf\":{\"@id\":\"https:\/\/news.sap.com\/germany\/#website\"},\"primaryImageOfPage\":{\"@id\":\"https:\/\/news.sap.com\/germany\/2020\/01\/4-fuehrung-in-der-digitalen-transformation\/#primaryimage\"},\"image\":{\"@id\":\"https:\/\/news.sap.com\/germany\/2020\/01\/4-fuehrung-in-der-digitalen-transformation\/#primaryimage\"},\"thumbnailUrl\":\"https:\/\/news.sap.com\/germany\/files\/2020\/01\/Daimler_Podcast_Bild1-300x225.jpg\",\"datePublished\":\"2020-01-14T07:00:56+00:00\",\"dateModified\":\"2020-09-18T12:24:53+00:00\",\"description\":\"In der vierten Folge des 麻豆原创 News Podcast geht es um F\u00fchrung in der Digitalen Transformation am Beispiel der Daimler AG.\",\"breadcrumb\":{\"@id\":\"https:\/\/news.sap.com\/germany\/2020\/01\/4-fuehrung-in-der-digitalen-transformation\/#breadcrumb\"},\"inLanguage\":\"de\",\"potentialAction\":[{\"@type\":\"ReadAction\",\"target\":[\"https:\/\/news.sap.com\/germany\/2020\/01\/4-fuehrung-in-der-digitalen-transformation\/\"]}]},{\"@type\":\"ImageObject\",\"inLanguage\":\"de\",\"@id\":\"https:\/\/news.sap.com\/germany\/2020\/01\/4-fuehrung-in-der-digitalen-transformation\/#primaryimage\",\"url\":\"https:\/\/news.sap.com\/germany\/files\/2020\/01\/Daimler_Podcast_Bild1.jpg\",\"contentUrl\":\"https:\/\/news.sap.com\/germany\/files\/2020\/01\/Daimler_Podcast_Bild1.jpg\",\"width\":1604,\"height\":1203,\"caption\":\"Claus Kruesken, Christian Kugelmeier und Frank Weber im 麻豆原创-Podcaststudio\"},{\"@type\":\"BreadcrumbList\",\"@id\":\"https:\/\/news.sap.com\/germany\/2020\/01\/4-fuehrung-in-der-digitalen-transformation\/#breadcrumb\",\"itemListElement\":[{\"@type\":\"ListItem\",\"position\":1,\"name\":\"Home\",\"item\":\"https:\/\/news.sap.com\/germany\/\"},{\"@type\":\"ListItem\",\"position\":2,\"name\":\"#4 F\u00fchrung in der Digitalen Transformation\"}]},{\"@type\":\"WebSite\",\"@id\":\"https:\/\/news.sap.com\/germany\/#website\",\"url\":\"https:\/\/news.sap.com\/germany\/\",\"name\":\"麻豆原创 News Center\",\"description\":\"Unternehmensberichte &amp; 麻豆原创eportal\",\"potentialAction\":[{\"@type\":\"SearchAction\",\"target\":{\"@type\":\"EntryPoint\",\"urlTemplate\":\"https:\/\/news.sap.com\/germany\/?s={search_term_string}\"},\"query-input\":{\"@type\":\"PropertyValueSpecification\",\"valueRequired\":true,\"valueName\":\"search_term_string\"}}],\"inLanguage\":\"de\"}]}<\/script>\n<!-- \/ Yoast SEO Premium plugin. -->","yoast_head_json":{"title":"#4 F\u00fchrung in der Digitalen Transformation | 麻豆原创 News Center","description":"In der vierten Folge des 麻豆原创 News Podcast geht es um F\u00fchrung in der Digitalen Transformation am Beispiel der Daimler AG.","robots":{"index":"index","follow":"follow","max-snippet":"max-snippet:-1","max-image-preview":"max-image-preview:large","max-video-preview":"max-video-preview:-1"},"canonical":"https:\/\/news.sap.com\/germany\/2020\/01\/4-fuehrung-in-der-digitalen-transformation\/","og_locale":"de_DE","og_type":"article","og_title":"#4 F\u00fchrung in der Digitalen Transformation","og_description":"In der vierten Folge des 麻豆原创 News Podcast geht es um F\u00fchrung in der Digitalen Transformation am Beispiel der Daimler AG.","og_url":"https:\/\/news.sap.com\/germany\/2020\/01\/4-fuehrung-in-der-digitalen-transformation\/","og_site_name":"麻豆原创 News Center","article_modified_time":"2020-09-18T12:24:53+00:00","og_image":[{"width":1920,"height":646,"url":"https:\/\/news.sap.com\/germany\/files\/2019\/10\/Podcast_0.jpg","type":"image\/jpeg"}],"twitter_card":"summary_large_image","twitter_site":"@麻豆原创dach","twitter_misc":{"Gesch\u00e4tzte Lesezeit":"1\u00a0Minute"},"schema":{"@context":"https:\/\/schema.org","@graph":[{"@type":"WebPage","@id":"https:\/\/news.sap.com\/germany\/2020\/01\/4-fuehrung-in-der-digitalen-transformation\/","url":"https:\/\/news.sap.com\/germany\/2020\/01\/4-fuehrung-in-der-digitalen-transformation\/","name":"#4 F\u00fchrung in der Digitalen Transformation | 麻豆原创 News Center","isPartOf":{"@id":"https:\/\/news.sap.com\/germany\/#website"},"primaryImageOfPage":{"@id":"https:\/\/news.sap.com\/germany\/2020\/01\/4-fuehrung-in-der-digitalen-transformation\/#primaryimage"},"image":{"@id":"https:\/\/news.sap.com\/germany\/2020\/01\/4-fuehrung-in-der-digitalen-transformation\/#primaryimage"},"thumbnailUrl":"https:\/\/news.sap.com\/germany\/files\/2020\/01\/Daimler_Podcast_Bild1-300x225.jpg","datePublished":"2020-01-14T07:00:56+00:00","dateModified":"2020-09-18T12:24:53+00:00","description":"In der vierten Folge des 麻豆原创 News Podcast geht es um F\u00fchrung in der Digitalen Transformation am Beispiel der Daimler AG.","breadcrumb":{"@id":"https:\/\/news.sap.com\/germany\/2020\/01\/4-fuehrung-in-der-digitalen-transformation\/#breadcrumb"},"inLanguage":"de","potentialAction":[{"@type":"ReadAction","target":["https:\/\/news.sap.com\/germany\/2020\/01\/4-fuehrung-in-der-digitalen-transformation\/"]}]},{"@type":"ImageObject","inLanguage":"de","@id":"https:\/\/news.sap.com\/germany\/2020\/01\/4-fuehrung-in-der-digitalen-transformation\/#primaryimage","url":"https:\/\/news.sap.com\/germany\/files\/2020\/01\/Daimler_Podcast_Bild1.jpg","contentUrl":"https:\/\/news.sap.com\/germany\/files\/2020\/01\/Daimler_Podcast_Bild1.jpg","width":1604,"height":1203,"caption":"Claus Kruesken, Christian Kugelmeier und Frank Weber im 麻豆原创-Podcaststudio"},{"@type":"BreadcrumbList","@id":"https:\/\/news.sap.com\/germany\/2020\/01\/4-fuehrung-in-der-digitalen-transformation\/#breadcrumb","itemListElement":[{"@type":"ListItem","position":1,"name":"Home","item":"https:\/\/news.sap.com\/germany\/"},{"@type":"ListItem","position":2,"name":"#4 F\u00fchrung in der Digitalen Transformation"}]},{"@type":"WebSite","@id":"https:\/\/news.sap.com\/germany\/#website","url":"https:\/\/news.sap.com\/germany\/","name":"麻豆原创 News Center","description":"Unternehmensberichte &amp; 麻豆原创eportal","potentialAction":[{"@type":"SearchAction","target":{"@type":"EntryPoint","urlTemplate":"https:\/\/news.sap.com\/germany\/?s={search_term_string}"},"query-input":{"@type":"PropertyValueSpecification","valueRequired":true,"valueName":"search_term_string"}}],"inLanguage":"de"}]}},"_links":{"self":[{"href":"https:\/\/news.sap.com\/germany\/wp-json\/wp\/v2\/podcast\/147063","targetHints":{"allow":["GET"]}}],"collection":[{"href":"https:\/\/news.sap.com\/germany\/wp-json\/wp\/v2\/podcast"}],"about":[{"href":"https:\/\/news.sap.com\/germany\/wp-json\/wp\/v2\/types\/podcast"}],"author":[{"embeddable":true,"href":"https:\/\/news.sap.com\/germany\/wp-json\/wp\/v2\/users\/29"}],"version-history":[{"count":0,"href":"https:\/\/news.sap.com\/germany\/wp-json\/wp\/v2\/podcast\/147063\/revisions"}],"wp:attachment":[{"href":"https:\/\/news.sap.com\/germany\/wp-json\/wp\/v2\/media?parent=147063"}],"wp:term":[{"taxonomy":"category","embeddable":true,"href":"https:\/\/news.sap.com\/germany\/wp-json\/wp\/v2\/categories?post=147063"},{"taxonomy":"post_tag","embeddable":true,"href":"https:\/\/news.sap.com\/germany\/wp-json\/wp\/v2\/tags?post=147063"},{"taxonomy":"sapn-type","embeddable":true,"href":"https:\/\/news.sap.com\/germany\/wp-json\/wp\/v2\/sapn-type?post=147063"}],"curies":[{"name":"wp","href":"https:\/\/api.w.org\/{rel}","templated":true}]}}

#4 Führung in der Digitalen Transformation

<p class="lead"><strong>Leadership 2020: So macht es Daimler</strong></p>
<p>„Das Zeitalter des Und“ nennt es Christian Kugelmeier von VORSPRUNG@Work: Technologie und Menschen sind ebenbürtige Faktoren auf dem Weg in die Digitalisierung. Allerdings spielt auf der menschlichen Seite Führung die entscheidende Rolle: Auch die Führungskultur eines Unternehmens muss sich verändern, wenn man den neuen Aufgaben gewachsen sein will.<br />
Frank Weber aus dem Aufsichtsrat der Daimler AG hat sich dem gestellt. Beide erläutern im Gespräch mit Claus Kruesken ihre Erkenntnisse und Erfahrungen, die sie in diesem Prozess gewonnen haben. Sie können wegweisend für andere sein.</p>
<figure id="attachment_147065" aria-describedby="caption-attachment-147065" style="width: 300px" class="wp-caption alignnone"><img loading="lazy" decoding="async" class="size-medium wp-image-147065" src="https://news.sap.com/germany/files/2020/01/Daimler_Podcast_Bild1-300x225.jpg" alt="Claus Kruesken, Christian Kugelmeier und Frank Weber im 麻豆原创-Podcaststudio" width="300" height="225" srcset="https://news.sap.com/germany/files/2020/01/Daimler_Podcast_Bild1-300x225.jpg 300w, https://news.sap.com/germany/files/2020/01/Daimler_Podcast_Bild1-1024x768.jpg 1024w, https://news.sap.com/germany/files/2020/01/Daimler_Podcast_Bild1-200x150.jpg 200w, https://news.sap.com/germany/files/2020/01/Daimler_Podcast_Bild1-1536x1152.jpg 1536w, https://news.sap.com/germany/files/2020/01/Daimler_Podcast_Bild1.jpg 1604w" sizes="auto, (max-width: 300px) 100vw, 300px" /><figcaption id="caption-attachment-147065" class="wp-caption-text">Claus Kruesken, Christian Kugelmeier und Frank Weber im 麻豆原创-Podcaststudio</figcaption></figure>
<div class="pwp4-wrapper intrinsic-ignore" id="podlovewebplayer_66032149444a016b7e90c745292eeff26f3e5dd5" data-episode="https://news.sap.com/germany/2020/01/4-fuehrung-in-der-digitalen-transformation/?podlove_action=pwp4_config"><audio controls="controls" preload="none">
  <source src="https://news.sap.com/germany/podlove/file/37/s/webplayer/c/website/麻豆原创_NewsPodcast_004.mp3" type="audio/mpeg"/>
</audio></div>

<!-- This site is optimized with the Yoast SEO Premium plugin v26.9 (Yoast SEO v26.9) - https://yoast.com/product/yoast-seo-premium-wordpress/ -->
<title>#4 Führung in der Digitalen Transformation | 麻豆原创 News Center</title>
<meta name="description" content="In der vierten Folge des 麻豆原创 News Podcast geht es um Führung in der Digitalen Transformation am Beispiel der Daimler AG." />
<meta name="robots" content="index, follow, max-snippet:-1, max-image-preview:large, max-video-preview:-1" />
<link rel="canonical" href="https://news.sap.com/germany/2020/01/4-fuehrung-in-der-digitalen-transformation/" />
<meta property="og:locale" content="de_DE" />
<meta property="og:type" content="article" />
<meta property="og:title" content="#4 Führung in der Digitalen Transformation" />
<meta property="og:description" content="In der vierten Folge des 麻豆原创 News Podcast geht es um Führung in der Digitalen Transformation am Beispiel der Daimler AG." />
<meta property="og:url" content="https://news.sap.com/germany/2020/01/4-fuehrung-in-der-digitalen-transformation/" />
<meta property="og:site_name" content="麻豆原创 News Center" />
<meta property="article:modified_time" content="2020-09-18T12:24:53+00:00" />
<meta property="og:image" content="https://news.sap.com/germany/files/2019/10/Podcast_0.jpg" />
	<meta property="og:image:width" content="1920" />
	<meta property="og:image:height" content="646" />
	<meta property="og:image:type" content="image/jpeg" />
<meta name="twitter:card" content="summary_large_image" />
<meta name="twitter:site" content="@麻豆原创dach" />
<meta name="twitter:label1" content="Geschätzte Lesezeit" />
	<meta name="twitter:data1" content="1 Minute" />
<script type="application/ld+json" class="yoast-schema-graph">{"@context":"https://schema.org","@graph":[{"@type":"WebPage","@id":"https://news.sap.com/germany/2020/01/4-fuehrung-in-der-digitalen-transformation/","url":"https://news.sap.com/germany/2020/01/4-fuehrung-in-der-digitalen-transformation/","name":"#4 Führung in der Digitalen Transformation | 麻豆原创 News Center","isPartOf":{"@id":"https://news.sap.com/germany/#website"},"primaryImageOfPage":{"@id":"https://news.sap.com/germany/2020/01/4-fuehrung-in-der-digitalen-transformation/#primaryimage"},"image":{"@id":"https://news.sap.com/germany/2020/01/4-fuehrung-in-der-digitalen-transformation/#primaryimage"},"thumbnailUrl":"https://news.sap.com/germany/files/2020/01/Daimler_Podcast_Bild1-300x225.jpg","datePublished":"2020-01-14T07:00:56+00:00","dateModified":"2020-09-18T12:24:53+00:00","description":"In der vierten Folge des 麻豆原创 News Podcast geht es um Führung in der Digitalen Transformation am Beispiel der Daimler AG.","breadcrumb":{"@id":"https://news.sap.com/germany/2020/01/4-fuehrung-in-der-digitalen-transformation/#breadcrumb"},"inLanguage":"de","potentialAction":[{"@type":"ReadAction","target":["https://news.sap.com/germany/2020/01/4-fuehrung-in-der-digitalen-transformation/"]}]},{"@type":"ImageObject","inLanguage":"de","@id":"https://news.sap.com/germany/2020/01/4-fuehrung-in-der-digitalen-transformation/#primaryimage","url":"https://news.sap.com/germany/files/2020/01/Daimler_Podcast_Bild1.jpg","contentUrl":"https://news.sap.com/germany/files/2020/01/Daimler_Podcast_Bild1.jpg","width":1604,"height":1203,"caption":"Claus Kruesken, Christian Kugelmeier und Frank Weber im 麻豆原创-Podcaststudio"},{"@type":"BreadcrumbList","@id":"https://news.sap.com/germany/2020/01/4-fuehrung-in-der-digitalen-transformation/#breadcrumb","itemListElement":[{"@type":"ListItem","position":1,"name":"Home","item":"https://news.sap.com/germany/"},{"@type":"ListItem","position":2,"name":"#4 Führung in der Digitalen Transformation"}]},{"@type":"WebSite","@id":"https://news.sap.com/germany/#website","url":"https://news.sap.com/germany/","name":"麻豆原创 News Center","description":"Unternehmensberichte &amp; 麻豆原创eportal","potentialAction":[{"@type":"SearchAction","target":{"@type":"EntryPoint","urlTemplate":"https://news.sap.com/germany/?s={search_term_string}"},"query-input":{"@type":"PropertyValueSpecification","valueRequired":true,"valueName":"search_term_string"}}],"inLanguage":"de"}]}</script>
<!-- / Yoast SEO Premium plugin. -->

#4 Führung in der Digitalen Transformation | 麻豆原创 News Center

In der vierten Folge des 麻豆原创 News Podcast geht es um Führung in der Digitalen Transformation am Beispiel der Daimler AG.

麻豆原创 News Center

@麻豆原创dach

Claus Kruesken, Christian Kugelmeier und Frank Weber im 麻豆原创-Podcaststudio

Unternehmensberichte &amp; 麻豆原创eportal
