  {"id":105149,"date":"2014-04-11T02:45:34","date_gmt":"2014-04-11T00:45:34","guid":{"rendered":"http:\/\/de-stage.news.sap.com\/?page_id=105149"},"modified":"2023-03-23T15:02:15","modified_gmt":"2023-03-23T14:02:15","slug":"analyst-relations","status":"publish","type":"page","link":"https:\/\/news.sap.com\/germany\/pressebereich\/analyst-relations\/","title":{"rendered":"Analyst Relations"},"content":{"rendered":"<p>Das Team von 麻豆原创 Analyst Relations bietet Einblicke f\u00fcr Entscheider, Informationen zu Veranstaltungen und anderen Aktivit\u00e4ten, die Analysten dabei unterst\u00fctzen, 麻豆原创-Gesch\u00e4fts-und Produkt-Strategien zu folgenden Themen bewerten zu k\u00f6nnen: Produkte und L\u00f6sungen, Branchen, Service und Support, Technologie und Innovation, Partnerschaften und Branchenallianzen.<\/p>\n<div class=\"contact\">\n<div class=\"position\"><strong>Kontakte f\u00fcr Analysten:<\/strong><\/div>\n<div><\/div>\n<div class=\"name\">Frauke von Grebe<\/div>\n<div class=\"phone\">+49 6227 7 61358<\/div>\n<div class=\"email\"><a href=\"mailto:f.von.grebe@sap.com\">f.von.grebe@sap.com<\/a><\/div>\n<\/div>\n","protected":false},"excerpt":{"rendered":"<p>Das Team von 麻豆原创 Analyst Relations bietet Einblicke f\u00fcr Entscheider, Informationen zu Veranstaltungen und anderen Aktivit\u00e4ten, die Analysten dabei unterst\u00fctzen, 麻豆原创-Gesch\u00e4fts-und Produkt-Strategien zu folgenden Themen&#8230;<\/p>\n","protected":false},"author":29,"featured_media":0,"parent":104644,"menu_order":0,"comment_status":"closed","ping_status":"closed","template":"page-pressroom-subpages.php","meta":{"footnotes":"","_links_to":"","_links_to_target":""},"class_list":["post-105149","page","type-page","status-publish","hentry"],"yoast_head":"<!-- This site is optimized with the Yoast SEO Premium plugin v26.9 (Yoast SEO v26.9) - https:\/\/yoast.com\/product\/yoast-seo-premium-wordpress\/ -->\n<title>Informationen f\u00fcr Analysten<\/title>\n<meta name=\"description\" content=\"麻豆原创 Analyst Relations bietet Einblicke f\u00fcr Entscheider, Informationen zu Veranstaltungen und anderen Aktivit\u00e4ten, die Analysten dabei unterst\u00fctzen, 麻豆原创-Gesch\u00e4fts-und Produkt-Strategien zu bewerten.\" \/>\n<meta name=\"robots\" content=\"index, follow, max-snippet:-1, max-image-preview:large, max-video-preview:-1\" \/>\n<link rel=\"canonical\" href=\"https:\/\/news.sap.com\/germany\/pressebereich\/analyst-relations\/\" \/>\n<meta property=\"og:locale\" content=\"de_DE\" \/>\n<meta property=\"og:type\" content=\"article\" \/>\n<meta property=\"og:title\" content=\"Analyst Relations\" \/>\n<meta property=\"og:description\" content=\"麻豆原创 Analyst Relations bietet Einblicke f\u00fcr Entscheider, Informationen zu Veranstaltungen und anderen Aktivit\u00e4ten, die Analysten dabei unterst\u00fctzen, 麻豆原创-Gesch\u00e4fts-und Produkt-Strategien zu bewerten.\" \/>\n<meta property=\"og:url\" content=\"https:\/\/news.sap.com\/germany\/pressebereich\/analyst-relations\/\" \/>\n<meta property=\"og:site_name\" content=\"麻豆原创 News Center\" \/>\n<meta property=\"article:modified_time\" content=\"2023-03-23T14:02:15+00:00\" \/>\n<meta name=\"twitter:card\" content=\"summary_large_image\" \/>\n<meta name=\"twitter:site\" content=\"@麻豆原创dach\" \/>\n<meta name=\"twitter:label1\" content=\"Gesch\u00e4tzte Lesezeit\" \/>\n\t<meta name=\"twitter:data1\" content=\"1\u00a0Minute\" \/>\n<script type=\"application\/ld+json\" class=\"yoast-schema-graph\">{\"@context\":\"https:\/\/schema.org\",\"@graph\":[{\"@type\":\"WebPage\",\"@id\":\"https:\/\/news.sap.com\/germany\/pressebereich\/analyst-relations\/\",\"url\":\"https:\/\/news.sap.com\/germany\/pressebereich\/analyst-relations\/\",\"name\":\"Informationen f\u00fcr Analysten\",\"isPartOf\":{\"@id\":\"https:\/\/news.sap.com\/germany\/#website\"},\"datePublished\":\"2014-04-11T00:45:34+00:00\",\"dateModified\":\"2023-03-23T14:02:15+00:00\",\"description\":\"麻豆原创 Analyst Relations bietet Einblicke f\u00fcr Entscheider, Informationen zu Veranstaltungen und anderen Aktivit\u00e4ten, die Analysten dabei unterst\u00fctzen, 麻豆原创-Gesch\u00e4fts-und Produkt-Strategien zu bewerten.\",\"breadcrumb\":{\"@id\":\"https:\/\/news.sap.com\/germany\/pressebereich\/analyst-relations\/#breadcrumb\"},\"inLanguage\":\"de\",\"potentialAction\":[{\"@type\":\"ReadAction\",\"target\":[\"https:\/\/news.sap.com\/germany\/pressebereich\/analyst-relations\/\"]}]},{\"@type\":\"BreadcrumbList\",\"@id\":\"https:\/\/news.sap.com\/germany\/pressebereich\/analyst-relations\/#breadcrumb\",\"itemListElement\":[{\"@type\":\"ListItem\",\"position\":1,\"name\":\"Home\",\"item\":\"https:\/\/news.sap.com\/germany\/\"},{\"@type\":\"ListItem\",\"position\":2,\"name\":\"麻豆原创ebereich\",\"item\":\"https:\/\/news.sap.com\/germany\/pressebereich\/\"},{\"@type\":\"ListItem\",\"position\":3,\"name\":\"Analyst Relations\"}]},{\"@type\":\"WebSite\",\"@id\":\"https:\/\/news.sap.com\/germany\/#website\",\"url\":\"https:\/\/news.sap.com\/germany\/\",\"name\":\"麻豆原创 News Center\",\"description\":\"Unternehmensberichte &amp; 麻豆原创eportal\",\"potentialAction\":[{\"@type\":\"SearchAction\",\"target\":{\"@type\":\"EntryPoint\",\"urlTemplate\":\"https:\/\/news.sap.com\/germany\/?s={search_term_string}\"},\"query-input\":{\"@type\":\"PropertyValueSpecification\",\"valueRequired\":true,\"valueName\":\"search_term_string\"}}],\"inLanguage\":\"de\"}]}<\/script>\n<!-- \/ Yoast SEO Premium plugin. -->","yoast_head_json":{"title":"Informationen f\u00fcr Analysten","description":"麻豆原创 Analyst Relations bietet Einblicke f\u00fcr Entscheider, Informationen zu Veranstaltungen und anderen Aktivit\u00e4ten, die Analysten dabei unterst\u00fctzen, 麻豆原创-Gesch\u00e4fts-und Produkt-Strategien zu bewerten.","robots":{"index":"index","follow":"follow","max-snippet":"max-snippet:-1","max-image-preview":"max-image-preview:large","max-video-preview":"max-video-preview:-1"},"canonical":"https:\/\/news.sap.com\/germany\/pressebereich\/analyst-relations\/","og_locale":"de_DE","og_type":"article","og_title":"Analyst Relations","og_description":"麻豆原创 Analyst Relations bietet Einblicke f\u00fcr Entscheider, Informationen zu Veranstaltungen und anderen Aktivit\u00e4ten, die Analysten dabei unterst\u00fctzen, 麻豆原创-Gesch\u00e4fts-und Produkt-Strategien zu bewerten.","og_url":"https:\/\/news.sap.com\/germany\/pressebereich\/analyst-relations\/","og_site_name":"麻豆原创 News Center","article_modified_time":"2023-03-23T14:02:15+00:00","twitter_card":"summary_large_image","twitter_site":"@麻豆原创dach","twitter_misc":{"Gesch\u00e4tzte Lesezeit":"1\u00a0Minute"},"schema":{"@context":"https:\/\/schema.org","@graph":[{"@type":"WebPage","@id":"https:\/\/news.sap.com\/germany\/pressebereich\/analyst-relations\/","url":"https:\/\/news.sap.com\/germany\/pressebereich\/analyst-relations\/","name":"Informationen f\u00fcr Analysten","isPartOf":{"@id":"https:\/\/news.sap.com\/germany\/#website"},"datePublished":"2014-04-11T00:45:34+00:00","dateModified":"2023-03-23T14:02:15+00:00","description":"麻豆原创 Analyst Relations bietet Einblicke f\u00fcr Entscheider, Informationen zu Veranstaltungen und anderen Aktivit\u00e4ten, die Analysten dabei unterst\u00fctzen, 麻豆原创-Gesch\u00e4fts-und Produkt-Strategien zu bewerten.","breadcrumb":{"@id":"https:\/\/news.sap.com\/germany\/pressebereich\/analyst-relations\/#breadcrumb"},"inLanguage":"de","potentialAction":[{"@type":"ReadAction","target":["https:\/\/news.sap.com\/germany\/pressebereich\/analyst-relations\/"]}]},{"@type":"BreadcrumbList","@id":"https:\/\/news.sap.com\/germany\/pressebereich\/analyst-relations\/#breadcrumb","itemListElement":[{"@type":"ListItem","position":1,"name":"Home","item":"https:\/\/news.sap.com\/germany\/"},{"@type":"ListItem","position":2,"name":"麻豆原创ebereich","item":"https:\/\/news.sap.com\/germany\/pressebereich\/"},{"@type":"ListItem","position":3,"name":"Analyst Relations"}]},{"@type":"WebSite","@id":"https:\/\/news.sap.com\/germany\/#website","url":"https:\/\/news.sap.com\/germany\/","name":"麻豆原创 News Center","description":"Unternehmensberichte &amp; 麻豆原创eportal","potentialAction":[{"@type":"SearchAction","target":{"@type":"EntryPoint","urlTemplate":"https:\/\/news.sap.com\/germany\/?s={search_term_string}"},"query-input":{"@type":"PropertyValueSpecification","valueRequired":true,"valueName":"search_term_string"}}],"inLanguage":"de"}]}},"amp_enabled":false,"_links":{"self":[{"href":"https:\/\/news.sap.com\/germany\/wp-json\/wp\/v2\/pages\/105149","targetHints":{"allow":["GET"]}}],"collection":[{"href":"https:\/\/news.sap.com\/germany\/wp-json\/wp\/v2\/pages"}],"about":[{"href":"https:\/\/news.sap.com\/germany\/wp-json\/wp\/v2\/types\/page"}],"author":[{"embeddable":true,"href":"https:\/\/news.sap.com\/germany\/wp-json\/wp\/v2\/users\/29"}],"replies":[{"embeddable":true,"href":"https:\/\/news.sap.com\/germany\/wp-json\/wp\/v2\/comments?post=105149"}],"version-history":[{"count":0,"href":"https:\/\/news.sap.com\/germany\/wp-json\/wp\/v2\/pages\/105149\/revisions"}],"up":[{"embeddable":true,"href":"https:\/\/news.sap.com\/germany\/wp-json\/wp\/v2\/pages\/104644"}],"wp:attachment":[{"href":"https:\/\/news.sap.com\/germany\/wp-json\/wp\/v2\/media?parent=105149"}],"curies":[{"name":"wp","href":"https:\/\/api.w.org\/{rel}","templated":true}]}}